{"id":7918,"date":"2023-12-22T13:18:06","date_gmt":"2023-12-22T16:18:06","guid":{"rendered":"https:\/\/disma.ar\/clientes\/?post_type=product&#038;p=7918"},"modified":"2026-02-11T13:30:09","modified_gmt":"2026-02-11T16:30:09","slug":"radio-bluetooth-vintage-am-fm-recargable-con-bluetooth-ktf-1482","status":"publish","type":"product","link":"https:\/\/disma.ar\/clientes\/producto\/radio-bluetooth-vintage-am-fm-recargable-con-bluetooth-ktf-1482\/","title":{"rendered":"RADIO BLUETOOTH VINTAGE AM \/ FM RECARGABLE CON BLUETOOTH KTF-1482"},"content":{"rendered":"<p><strong>Radio Bluetooth AM \/ FM<br \/>\nBocina con Bater\u00eda recargable 18650<br \/>\nEntradas para micro SD y USB<br \/>\nIncluye cabe Tipo C para carga de bater\u00eda.<\/strong><\/p>\n<p>Radio Bluetooth AM \/ FM \/ SW, compatible con todos los dispositivos inteligente que utilice Bluetooth, compacta y port\u00e1til. Bocina con Bater\u00eda recargable 18650, Cuenta tambi\u00e9n con entradas para micro SD y USB, el cual te permite reproducir toda la m\u00fasica que te gusta. En la parte frontal cuenta con perillas para encender el equipo, sintonizar y subir\/bajar de volumen. Incluye cabe Tipo C para carga de bater\u00eda.<\/p>\n","protected":false},"excerpt":{"rendered":"<p>Radio Bluetooth AM \/ FM Bocina con Bater\u00eda recargable 18650 Entradas para micro SD y USB Incluye cabe Tipo C para carga de bater\u00eda. Radio Bluetooth AM \/ FM \/ SW, compatible con todos los dispositivos inteligente que utilice Bluetooth, compacta y port\u00e1til. Bocina con Bater\u00eda recargable 18650, Cuenta tambi\u00e9n con entradas para micro SD [&hellip;]<\/p>\n","protected":false},"featured_media":7920,"comment_status":"open","ping_status":"closed","template":"","meta":[],"product_brand":[],"product_cat":[292],"product_tag":[],"class_list":{"0":"post-7918","1":"product","2":"type-product","3":"status-publish","4":"has-post-thumbnail","6":"product_cat-radio-de-mesa-analogica","8":"first","9":"instock","10":"shipping-taxable","11":"purchasable","12":"product-type-simple"},"_links":{"self":[{"href":"https:\/\/disma.ar\/clientes\/wp-json\/wp\/v2\/product\/7918","targetHints":{"allow":["GET"]}}],"collection":[{"href":"https:\/\/disma.ar\/clientes\/wp-json\/wp\/v2\/product"}],"about":[{"href":"https:\/\/disma.ar\/clientes\/wp-json\/wp\/v2\/types\/product"}],"replies":[{"embeddable":true,"href":"https:\/\/disma.ar\/clientes\/wp-json\/wp\/v2\/comments?post=7918"}],"wp:featuredmedia":[{"embeddable":true,"href":"https:\/\/disma.ar\/clientes\/wp-json\/wp\/v2\/media\/7920"}],"wp:attachment":[{"href":"https:\/\/disma.ar\/clientes\/wp-json\/wp\/v2\/media?parent=7918"}],"wp:term":[{"taxonomy":"product_brand","embeddable":true,"href":"https:\/\/disma.ar\/clientes\/wp-json\/wp\/v2\/product_brand?post=7918"},{"taxonomy":"product_cat","embeddable":true,"href":"https:\/\/disma.ar\/clientes\/wp-json\/wp\/v2\/product_cat?post=7918"},{"taxonomy":"product_tag","embeddable":true,"href":"https:\/\/disma.ar\/clientes\/wp-json\/wp\/v2\/product_tag?post=7918"}],"curies":[{"name":"wp","href":"https:\/\/api.w.org\/{rel}","templated":true}]}}