{"id":683,"date":"2026-04-06T10:51:08","date_gmt":"2026-04-06T13:51:08","guid":{"rendered":"https:\/\/disma.ar\/clientes\/producto\/estaca-solar-luminaria-de-jardin-8-led-decorativo\/"},"modified":"2026-04-06T12:19:29","modified_gmt":"2026-04-06T15:19:29","slug":"estaca-solar-luminaria-de-jardin-8-led-decorativo","status":"publish","type":"product","link":"https:\/\/disma.ar\/clientes\/producto\/estaca-solar-luminaria-de-jardin-8-led-decorativo\/","title":{"rendered":"ESTACA SOLAR LUMINARIA DE JARDIN 8 LED DECORATIVO PACK POR 4"},"content":{"rendered":"<p>Estaca redonda de la luz solar de suelo, 8 puntos luminosos LED por estaca. Luz solar para exteriores, impermeable, iluminaci\u00f3n de paisaje, adecuada para c\u00e9sped y patio. Vienen 4 unidades en la caja.<\/p>\n<p>Dise\u00f1o impermeable: la luz del panel solar para exteriores est\u00e1 hecha de material ABS y cobertura de acero inox, que es m\u00e1s adecuado para uso en exteriores<br \/>\nLas luces solares de jard\u00edn de encendido\/apagado autom\u00e1tico son fotosensibles, pueden detectar autom\u00e1ticamente la fuente de luz, se encienden autom\u00e1ticamente en la oscuridad o la noche, y se apagan autom\u00e1ticamente en el d\u00eda o en zonas brillantes. (Enciende el interruptor de luz en la parte posterior cuando lo utilices por primera vez)<\/p>\n<p>Mayor tiempo de trabajo: cada luz solar de suelo tiene 8 puntos luminosos LED, que pueden proporcionar una luz m\u00e1s brillante. Bater\u00eda recargable Ni-MH integrada de 600 mAh, que se puede iluminar toda la noche despu\u00e9s de estar completamente cargada. (La carga y el tiempo de trabajo cambiar\u00e1n seg\u00fan los cambios clim\u00e1ticos)<\/p>\n<p>F\u00e1cil de instalar: conecta el poste de la l\u00e1mpara a la luz de suelo exterior, enciende el interruptor y empuja el poste de la l\u00e1mpara en el suelo. (Si el suelo es demasiado duro, cava primero el agujero de la estaca de madera. No utilices directamente la estaca de madera para golpear con un martillo duro, de lo contrario el producto se da\u00f1ar\u00e1)<\/p>\n<p>Bateria Recargable: 600MAH<br \/>\nMaterial: Plastico+Acero Inoxidable<br \/>\nNivel Impermeable: IP44<br \/>\nTiempo de Carga-Descarga: 6-8 Hrs<br \/>\nLuz calida<br \/>\nMedidas: 11,5 cm(di\u00e1metro) 14 cm (alto), enterradas quedan 2 cm afuera<br \/>\nDuraci\u00f3n aproximada con carga completa 6hs<br \/>\nPanel solar en la parte superior de la estaca<br \/>\nNo requiere cables ni instalaciones el\u00e9ctricas<\/p>\n","protected":false},"excerpt":{"rendered":"<p>GENERICO<\/p>\n","protected":false},"featured_media":2523,"comment_status":"open","ping_status":"closed","template":"","meta":[],"product_brand":[],"product_cat":[237],"product_tag":[],"class_list":{"0":"post-683","1":"product","2":"type-product","3":"status-publish","4":"has-post-thumbnail","6":"product_cat-iluminacion-estaca","8":"first","9":"instock","10":"shipping-taxable","11":"purchasable","12":"product-type-simple"},"_links":{"self":[{"href":"https:\/\/disma.ar\/clientes\/wp-json\/wp\/v2\/product\/683","targetHints":{"allow":["GET"]}}],"collection":[{"href":"https:\/\/disma.ar\/clientes\/wp-json\/wp\/v2\/product"}],"about":[{"href":"https:\/\/disma.ar\/clientes\/wp-json\/wp\/v2\/types\/product"}],"replies":[{"embeddable":true,"href":"https:\/\/disma.ar\/clientes\/wp-json\/wp\/v2\/comments?post=683"}],"wp:featuredmedia":[{"embeddable":true,"href":"https:\/\/disma.ar\/clientes\/wp-json\/wp\/v2\/media\/2523"}],"wp:attachment":[{"href":"https:\/\/disma.ar\/clientes\/wp-json\/wp\/v2\/media?parent=683"}],"wp:term":[{"taxonomy":"product_brand","embeddable":true,"href":"https:\/\/disma.ar\/clientes\/wp-json\/wp\/v2\/product_brand?post=683"},{"taxonomy":"product_cat","embeddable":true,"href":"https:\/\/disma.ar\/clientes\/wp-json\/wp\/v2\/product_cat?post=683"},{"taxonomy":"product_tag","embeddable":true,"href":"https:\/\/disma.ar\/clientes\/wp-json\/wp\/v2\/product_tag?post=683"}],"curies":[{"name":"wp","href":"https:\/\/api.w.org\/{rel}","templated":true}]}}