{"id":6653,"date":"2023-09-11T14:47:59","date_gmt":"2023-09-11T17:47:59","guid":{"rendered":"https:\/\/disma.ar\/clientes\/?post_type=product&#038;p=6653"},"modified":"2026-02-11T13:30:09","modified_gmt":"2026-02-11T16:30:09","slug":"telefono-inalambrico-2-fono-2-bases-con-caller-id-y-pantalla-e355","status":"publish","type":"product","link":"https:\/\/disma.ar\/clientes\/producto\/telefono-inalambrico-2-fono-2-bases-con-caller-id-y-pantalla-e355\/","title":{"rendered":"TELEFONO INALAMBRICO 2 FONO 2 BASES CON CALLER ID Y PANTALLA E355"},"content":{"rendered":"<div class=\"jsx-2247763159 mkp-headerContainer\"><span class=\"jsx-2247763159\">Informaci\u00f3n adicional<\/span><\/div>\n<div class=\"jsx-2247763159 bodyContainer\">\n<div class=\"fb-product-information__product-information-tab\">\n<div class=\"fb-product-information-tab__copy\">Caracter\u00edsticas del Telefono Inalambrico Doble Alcatel E355<br \/>\nEl telefono inalambrico doble Alcatel E355 tiene varias caracter\u00edsticas interesantes que hacen que sea un dispositivo pr\u00e1ctico para el hogar o la oficina. Estas caracter\u00edsticas incluyen:Pantalla Alfanum\u00e9rica Retro-Iluminada<br \/>\nLa pantalla alfanum\u00e9rica retro-iluminada del telefono inalambrico doble Alcatel E355 facilita la lectura de la informaci\u00f3n que se muestra en la pantalla, incluso en condiciones de poca luz. Esto es especialmente \u00fatil cuando se utilizan el directorio telef\u00f3nico o las funciones de identificaci\u00f3n de llamadas.Directorio de 20 Nombres y N\u00fameros<br \/>\nEl telefono inalambrico doble Alcatel E355 tiene un directorio telef\u00f3nico que puede almacenar hasta 20 nombres y n\u00fameros. Esto facilita la realizaci\u00f3n de llamadas a contactos frecuentes y elimina la necesidad de memorizar los n\u00fameros de tel\u00e9fono.Identificaci\u00f3n de Nombre y N\u00famero del Llamante<br \/>\nEl telefono inalambrico doble Alcatel E355 cuenta con funciones de identificaci\u00f3n de llamadas que permiten identificar el nombre y n\u00famero del llamante antes de descolgar y para la segunda llamada. Adem\u00e1s, estas funciones son compatibles con los tipos de identificaci\u00f3n de llamadas FSK y DTMF.<\/p>\n<p>Rellamada de los \u00daltimos 5 N\u00fameros Marcados<br \/>\nEl telefono inalambrico doble Alcatel E355 tiene una funci\u00f3n de rellamada que permite marcar los \u00faltimos 5 n\u00fameros marcados. Esto es \u00fatil si necesita volver a llamar a alguien con quien ha hablado recientemente.<\/p>\n<p>Intercomunicador\/Transferencia de Llamada entre Auriculares<br \/>\nEl telefono inalambrico doble Alcatel E355 tiene la capacidad de realizar intercomunicaci\u00f3n y transferir llamadas entre auriculares. Esto es \u00fatil si necesita transferir una llamada a otra persona o si desea tener una conversaci\u00f3n privada con alguien en la misma casa u oficina.<\/p>\n<\/div>\n<\/div>\n<\/div>\n","protected":false},"excerpt":{"rendered":"<p>ALCATEL<\/p>\n","protected":false},"featured_media":6657,"comment_status":"open","ping_status":"closed","template":"","meta":[],"product_brand":[],"product_cat":[329],"product_tag":[],"class_list":{"0":"post-6653","1":"product","2":"type-product","3":"status-publish","4":"has-post-thumbnail","6":"product_cat-telefonos-inalambricos-2-o-mas-bases","8":"first","9":"outofstock","10":"shipping-taxable","11":"purchasable","12":"product-type-simple"},"_links":{"self":[{"href":"https:\/\/disma.ar\/clientes\/wp-json\/wp\/v2\/product\/6653","targetHints":{"allow":["GET"]}}],"collection":[{"href":"https:\/\/disma.ar\/clientes\/wp-json\/wp\/v2\/product"}],"about":[{"href":"https:\/\/disma.ar\/clientes\/wp-json\/wp\/v2\/types\/product"}],"replies":[{"embeddable":true,"href":"https:\/\/disma.ar\/clientes\/wp-json\/wp\/v2\/comments?post=6653"}],"wp:featuredmedia":[{"embeddable":true,"href":"https:\/\/disma.ar\/clientes\/wp-json\/wp\/v2\/media\/6657"}],"wp:attachment":[{"href":"https:\/\/disma.ar\/clientes\/wp-json\/wp\/v2\/media?parent=6653"}],"wp:term":[{"taxonomy":"product_brand","embeddable":true,"href":"https:\/\/disma.ar\/clientes\/wp-json\/wp\/v2\/product_brand?post=6653"},{"taxonomy":"product_cat","embeddable":true,"href":"https:\/\/disma.ar\/clientes\/wp-json\/wp\/v2\/product_cat?post=6653"},{"taxonomy":"product_tag","embeddable":true,"href":"https:\/\/disma.ar\/clientes\/wp-json\/wp\/v2\/product_tag?post=6653"}],"curies":[{"name":"wp","href":"https:\/\/api.w.org\/{rel}","templated":true}]}}