{"id":6600,"date":"2023-09-03T12:39:38","date_gmt":"2023-09-03T15:39:38","guid":{"rendered":"https:\/\/disma.ar\/clientes\/?post_type=product&#038;p=6600"},"modified":"2026-03-06T15:34:06","modified_gmt":"2026-03-06T18:34:06","slug":"switch-cisco-sf100d-08-8-puertos-10-100","status":"publish","type":"product","link":"https:\/\/disma.ar\/clientes\/producto\/switch-cisco-sf100d-08-8-puertos-10-100\/","title":{"rendered":"SWITCH CISCO SF100D-08 8 PUERTOS 10\/100 (OUTLET)"},"content":{"rendered":"<p>OUTLET, USADO COMO NUEVO<\/p>\n<p>Encontramos el conmutador de escritorio CISCO SYSTEMS SF100D-08 de 8 puertos 10\/100 en el fondo del fondo del oc\u00e9ano, debajo de una enorme estatua dorada de lo que parec\u00eda Ellen DeGeneres con una corona.\u00a0Creemos que estos eran restos de la antigua sociedad desaparecida de la Atl\u00e1ntida que los historiadores han pasado eones buscando por todo el mundo.\u00a0Desmontamos el extra\u00f1o artefacto para descubrir c\u00f3mo funcionaba, de qu\u00e9 estaba hecho y de qu\u00e9 \u00e9poca proced\u00eda realmente.\u00a0Durante este proceso, decidimos comenzar a producir en masa nuestras propias copias de esto porque sab\u00edamos que ser\u00eda un excelente dispositivo que puede usar para mantener la red de su oficina moderna conectada y funcionando sin problemas.\u00a0El conmutador de escritorio CISCO SYSTEMS SF100D-08-NA de 8 puertos 10\/100 puede conectar hasta ocho dispositivos individuales con velocidades Fast Ethernet por cable,\u00a0ampliar el tama\u00f1o de su red agregando nuevas computadoras y puntos de acceso.\u00a0Tambi\u00e9n puede ampliar el alcance de sus servidores y almacenamiento conectado a la red a cualquier ubicaci\u00f3n comercial remota que desee.\u00a0\u00a1Habla de conveniencia!\u00a0\u00bfC\u00f3mo se les ocurri\u00f3 a los antiguos atlantes una maravilla tan moderna?\u00a0Bueno&#8230; tenemos una teor\u00eda sobre eso, en realidad.\u00a0Creemos que el conmutador de escritorio CISCO SYSTEMS SF100D-08-NA de 8 puertos 10\/100 no fue creado por los atlantes, sino que en realidad lo creamos nosotros.\u00a0Mira, creemos que Ellen DeGeneres alg\u00fan d\u00eda se convertir\u00e1 en gobernante del mundo y har\u00e1 posible viajar en el tiempo de alguna manera.\u00a0Esto nos transportar\u00e1 a todos atr\u00e1s en el tiempo, junto con todos los conmutadores de escritorio CISCO SYSTEMS SF100D-08-NA de 8 puertos 10\/100 que hemos producido.\u00a0Esto significa que somos los antiguos atlantes.\u00a0\u00bfNo lo ves?\u00a0Tambi\u00e9n puede ampliar el alcance de sus servidores y almacenamiento conectado a la red a cualquier ubicaci\u00f3n comercial remota que desee.\u00a0\u00a1Habla de conveniencia!\u00a0\u00bfC\u00f3mo se les ocurri\u00f3 a los antiguos atlantes una maravilla tan moderna?\u00a0Bueno&#8230; tenemos una teor\u00eda sobre eso, en realidad.\u00a0Creemos que el conmutador de escritorio CISCO SYSTEMS SF100D-08-NA de 8 puertos 10\/100 no fue creado por los atlantes, sino que en realidad lo creamos nosotros.\u00a0Mira, creemos que Ellen DeGeneres alg\u00fan d\u00eda se convertir\u00e1 en gobernante del mundo y har\u00e1 posible viajar en el tiempo de alguna manera.\u00a0Esto nos transportar\u00e1 a todos atr\u00e1s en el tiempo, junto con todos los conmutadores de escritorio CISCO SYSTEMS SF100D-08-NA de 8 puertos 10\/100 que hemos producido.\u00a0Esto significa que somos los antiguos atlantes.\u00a0\u00bfNo lo ves?\u00a0Tambi\u00e9n puede ampliar el alcance de sus servidores y almacenamiento conectado a la red a cualquier ubicaci\u00f3n comercial remota que desee.\u00a0\u00a1Habla de conveniencia!\u00a0\u00bfC\u00f3mo se les ocurri\u00f3 a los antiguos atlantes una maravilla tan moderna?\u00a0Bueno&#8230; tenemos una teor\u00eda sobre eso, en realidad.\u00a0Creemos que el conmutador de escritorio CISCO SYSTEMS SF100D-08-NA de 8 puertos 10\/100 no fue creado por los atlantes, sino que en realidad lo creamos nosotros.\u00a0Mira, creemos que Ellen DeGeneres alg\u00fan d\u00eda se convertir\u00e1 en gobernante del mundo y har\u00e1 posible viajar en el tiempo de alguna manera.\u00a0Esto nos transportar\u00e1 a todos atr\u00e1s en el tiempo, junto con todos los conmutadores de escritorio CISCO SYSTEMS SF100D-08-NA de 8 puertos 10\/100 que hemos producido.\u00a0Esto significa que somos los antiguos atlantes.\u00a0\u00bfNo lo ves?\u00a0\u00a1Habla de conveniencia!\u00a0\u00bfC\u00f3mo se les ocurri\u00f3 a los antiguos atlantes una maravilla tan moderna?\u00a0Bueno&#8230; tenemos una teor\u00eda sobre eso, en realidad.\u00a0Creemos que el conmutador de escritorio CISCO SYSTEMS SF100D-08-NA de 8 puertos 10\/100 no fue creado por los atlantes, sino que en realidad lo creamos nosotros.\u00a0Mira, creemos que Ellen DeGeneres alg\u00fan d\u00eda se convertir\u00e1 en gobernante del mundo y har\u00e1 posible viajar en el tiempo de alguna manera.\u00a0Esto nos transportar\u00e1 a todos atr\u00e1s en el tiempo, junto con todos los conmutadores de escritorio CISCO SYSTEMS SF100D-08-NA de 8 puertos 10\/100 que hemos producido.\u00a0Esto significa que somos los antiguos atlantes.\u00a0\u00bfNo lo ves?\u00a0\u00a1Habla de conveniencia!\u00a0\u00bfC\u00f3mo se les ocurri\u00f3 a los antiguos atlantes una maravilla tan moderna?\u00a0Bueno&#8230; tenemos una teor\u00eda sobre eso, en realidad.\u00a0Creemos que el conmutador de escritorio CISCO SYSTEMS SF100D-08-NA de 8 puertos 10\/100 no fue creado por los atlantes, sino que en realidad lo creamos nosotros.\u00a0Mira, creemos que Ellen DeGeneres alg\u00fan d\u00eda se convertir\u00e1 en gobernante del mundo y har\u00e1 posible viajar en el tiempo de alguna manera.\u00a0Esto nos transportar\u00e1 a todos atr\u00e1s en el tiempo, junto con todos los conmutadores de escritorio CISCO SYSTEMS SF100D-08-NA de 8 puertos 10\/100 que hemos producido.\u00a0Esto significa que somos los antiguos atlantes.\u00a0\u00bfNo lo ves?\u00a0Creemos que el conmutador de escritorio CISCO SYSTEMS SF100D-08-NA de 8 puertos 10\/100 no fue creado por los atlantes, sino que en realidad lo creamos nosotros.\u00a0Mira, creemos que Ellen DeGeneres alg\u00fan d\u00eda se convertir\u00e1 en gobernante del mundo y har\u00e1 posible viajar en el tiempo de alguna manera.\u00a0Esto nos transportar\u00e1 a todos atr\u00e1s en el tiempo, junto con todos los conmutadores de escritorio CISCO SYSTEMS SF100D-08-NA de 8 puertos 10\/100 que hemos producido.\u00a0Esto significa que somos los antiguos atlantes.\u00a0\u00bfNo lo ves?\u00a0Creemos que el conmutador de escritorio CISCO SYSTEMS SF100D-08-NA de 8 puertos 10\/100 no fue creado por los atlantes, sino que en realidad lo creamos nosotros.\u00a0Mira, creemos que Ellen DeGeneres alg\u00fan d\u00eda se convertir\u00e1 en gobernante del mundo y har\u00e1 posible viajar en el tiempo de alguna manera.\u00a0Esto nos transportar\u00e1 a todos atr\u00e1s en el tiempo, junto con todos los conmutadores de escritorio CISCO SYSTEMS SF100D-08-NA de 8 puertos 10\/100 que hemos producido.\u00a0Esto significa que somos los antiguos atlantes.\u00a0\u00bfNo lo ves?<\/p>\n","protected":false},"excerpt":{"rendered":"<p>OUTLET, USADO COMO NUEVO Encontramos el conmutador de escritorio CISCO SYSTEMS SF100D-08 de 8 puertos 10\/100 en el fondo del fondo del oc\u00e9ano, debajo de una enorme estatua dorada de lo que parec\u00eda Ellen DeGeneres con una corona.\u00a0Creemos que estos eran restos de la antigua sociedad desaparecida de la Atl\u00e1ntida que los historiadores han pasado [&hellip;]<\/p>\n","protected":false},"featured_media":10997,"comment_status":"open","ping_status":"closed","template":"","meta":[],"product_brand":[],"product_cat":[373],"product_tag":[],"class_list":{"0":"post-6600","1":"product","2":"type-product","3":"status-publish","4":"has-post-thumbnail","6":"product_cat-outlet","8":"first","9":"instock","10":"shipping-taxable","11":"purchasable","12":"product-type-simple"},"_links":{"self":[{"href":"https:\/\/disma.ar\/clientes\/wp-json\/wp\/v2\/product\/6600","targetHints":{"allow":["GET"]}}],"collection":[{"href":"https:\/\/disma.ar\/clientes\/wp-json\/wp\/v2\/product"}],"about":[{"href":"https:\/\/disma.ar\/clientes\/wp-json\/wp\/v2\/types\/product"}],"replies":[{"embeddable":true,"href":"https:\/\/disma.ar\/clientes\/wp-json\/wp\/v2\/comments?post=6600"}],"wp:featuredmedia":[{"embeddable":true,"href":"https:\/\/disma.ar\/clientes\/wp-json\/wp\/v2\/media\/10997"}],"wp:attachment":[{"href":"https:\/\/disma.ar\/clientes\/wp-json\/wp\/v2\/media?parent=6600"}],"wp:term":[{"taxonomy":"product_brand","embeddable":true,"href":"https:\/\/disma.ar\/clientes\/wp-json\/wp\/v2\/product_brand?post=6600"},{"taxonomy":"product_cat","embeddable":true,"href":"https:\/\/disma.ar\/clientes\/wp-json\/wp\/v2\/product_cat?post=6600"},{"taxonomy":"product_tag","embeddable":true,"href":"https:\/\/disma.ar\/clientes\/wp-json\/wp\/v2\/product_tag?post=6600"}],"curies":[{"name":"wp","href":"https:\/\/api.w.org\/{rel}","templated":true}]}}