{"id":6521,"date":"2023-09-05T13:02:29","date_gmt":"2023-09-05T16:02:29","guid":{"rendered":"https:\/\/disma.ar\/clientes\/?post_type=product&#038;p=6521"},"modified":"2026-04-30T10:34:49","modified_gmt":"2026-04-30T13:34:49","slug":"mirascreen-g2-tipo-chromecast-youtube-smart-tv","status":"publish","type":"product","link":"https:\/\/disma.ar\/clientes\/producto\/mirascreen-g2-tipo-chromecast-youtube-smart-tv\/","title":{"rendered":"MIRASCREEN G2 Tipo Chromecast Youtube Smart Tv"},"content":{"rendered":"<p>-WiFi-frecuencia: 2,4 GHz<\/p>\n<p>-Rango WiFi: 10 m y menos<br \/>\n-M\u00f3dulo WiFi\/versi\u00f3n: 8188FTV<br \/>\n-Resoluci\u00f3n: 1920\u00d71080 (m\u00e1ximo)<br \/>\n-Sistema operativo: Linux<br \/>\n-Versi\u00f3n\/procesador de CPU: AM8252B<br \/>\n-Velocidad de CPU: 600 MHz<br \/>\n-RAM: DDR3 128 Mb<br \/>\n-Flash interno: SLC 128 MB<br \/>\n-Formato de Video: AVI. DIVX MKV\u2026 DAT: VOB\u2026 MPG, MPEG MOV MP4\u2026 RM RMVB\u2026 WMV<br \/>\n-Formato de la imagen: JPEG, BMP<br \/>\n-Formato de Audio: MP1\/2\/3 WMA OGG, WAV, AAC<br \/>\n-Formato de archivo: PDF de Adobe Microsoft Word\/Excel\/PowerPoint<\/p>\n","protected":false},"excerpt":{"rendered":"<p>MIRASCREEN<\/p>\n","protected":false},"featured_media":13241,"comment_status":"open","ping_status":"closed","template":"","meta":[],"product_brand":[],"product_cat":[346],"product_tag":[],"class_list":{"0":"post-6521","1":"product","2":"type-product","3":"status-publish","4":"has-post-thumbnail","6":"product_cat-smart-tv-multimedia-al-tv","8":"first","9":"instock","10":"shipping-taxable","11":"purchasable","12":"product-type-simple"},"_links":{"self":[{"href":"https:\/\/disma.ar\/clientes\/wp-json\/wp\/v2\/product\/6521","targetHints":{"allow":["GET"]}}],"collection":[{"href":"https:\/\/disma.ar\/clientes\/wp-json\/wp\/v2\/product"}],"about":[{"href":"https:\/\/disma.ar\/clientes\/wp-json\/wp\/v2\/types\/product"}],"replies":[{"embeddable":true,"href":"https:\/\/disma.ar\/clientes\/wp-json\/wp\/v2\/comments?post=6521"}],"wp:featuredmedia":[{"embeddable":true,"href":"https:\/\/disma.ar\/clientes\/wp-json\/wp\/v2\/media\/13241"}],"wp:attachment":[{"href":"https:\/\/disma.ar\/clientes\/wp-json\/wp\/v2\/media?parent=6521"}],"wp:term":[{"taxonomy":"product_brand","embeddable":true,"href":"https:\/\/disma.ar\/clientes\/wp-json\/wp\/v2\/product_brand?post=6521"},{"taxonomy":"product_cat","embeddable":true,"href":"https:\/\/disma.ar\/clientes\/wp-json\/wp\/v2\/product_cat?post=6521"},{"taxonomy":"product_tag","embeddable":true,"href":"https:\/\/disma.ar\/clientes\/wp-json\/wp\/v2\/product_tag?post=6521"}],"curies":[{"name":"wp","href":"https:\/\/api.w.org\/{rel}","templated":true}]}}