{"id":5982,"date":"2023-07-19T15:39:37","date_gmt":"2023-07-19T18:39:37","guid":{"rendered":"https:\/\/disma.ar\/clientes\/?post_type=product&#038;p=5982"},"modified":"2026-05-12T10:41:24","modified_gmt":"2026-05-12T13:41:24","slug":"antena-wifi-usb-2-0-802-iin-1200-mbps","status":"publish","type":"product","link":"https:\/\/disma.ar\/clientes\/producto\/antena-wifi-usb-2-0-802-iin-1200-mbps\/","title":{"rendered":"PLACA DE RED ANTENA WIFI USB 2.0 802.IIN 1200 MBPS (DEP 2)"},"content":{"rendered":"<p>Adaptador USB 2.0 Wifi 802.11n Con Antena Wireless 1200mbps.<\/p>\n<p>Descripci\u00f3n:<\/p>\n<p>Con\u00e9ctate a Internet lo mas r\u00e1pido que puedas, no te pierda ni un solo bit, dispositivo plug and play. Este producto es para una computadora que no tenga placa wifi pueda captar wifi<\/p>\n<p>&#8211; Antena 2dBi de largo alcance de alta ganancia: trae una mejor conexi\u00f3n wifi que los adaptadores wifi USB con otra antena.<br \/>\n&#8211; Est\u00e1ndares: 802.11N, compatible con versiones anteriores con 802.11 a \/ b \/ g \/ n productos de est\u00e1ndares inal\u00e1mbricos.<br \/>\n&#8211; Soporte de doble banda wireless dongle: 2.4 G\/300Mbps\/.<br \/>\n&#8211; Sistema de apoyo: Windows Vista\/7\/8\/8,1\/10\/Mac OS X 10,4-10.14.1\/Linux (n\u00facleo 2,6x-4.7x).<br \/>\n&#8211; Seguridad: WFA, WPS, WPA2, WPS2.0, WAPI.<br \/>\n&#8211; Puede usar la herramienta DRIVER BOOSTER de la web oficial de iobit<\/p>\n","protected":false},"excerpt":{"rendered":"<p>Adaptador USB 2.0 Wifi 802.11n Con Antena Wireless 1200mbps. Descripci\u00f3n: Con\u00e9ctate a Internet lo mas r\u00e1pido que puedas, no te pierda ni un solo bit, dispositivo plug and play. Este producto es para una computadora que no tenga placa wifi pueda captar wifi &#8211; Antena 2dBi de largo alcance de alta ganancia: trae una mejor [&hellip;]<\/p>\n","protected":false},"featured_media":5983,"comment_status":"open","ping_status":"closed","template":"","meta":[],"product_brand":[],"product_cat":[180],"product_tag":[],"class_list":{"0":"post-5982","1":"product","2":"type-product","3":"status-publish","4":"has-post-thumbnail","6":"product_cat-antenas-receptor-wi-fi","8":"first","9":"instock","10":"shipping-taxable","11":"purchasable","12":"product-type-simple"},"_links":{"self":[{"href":"https:\/\/disma.ar\/clientes\/wp-json\/wp\/v2\/product\/5982","targetHints":{"allow":["GET"]}}],"collection":[{"href":"https:\/\/disma.ar\/clientes\/wp-json\/wp\/v2\/product"}],"about":[{"href":"https:\/\/disma.ar\/clientes\/wp-json\/wp\/v2\/types\/product"}],"replies":[{"embeddable":true,"href":"https:\/\/disma.ar\/clientes\/wp-json\/wp\/v2\/comments?post=5982"}],"wp:featuredmedia":[{"embeddable":true,"href":"https:\/\/disma.ar\/clientes\/wp-json\/wp\/v2\/media\/5983"}],"wp:attachment":[{"href":"https:\/\/disma.ar\/clientes\/wp-json\/wp\/v2\/media?parent=5982"}],"wp:term":[{"taxonomy":"product_brand","embeddable":true,"href":"https:\/\/disma.ar\/clientes\/wp-json\/wp\/v2\/product_brand?post=5982"},{"taxonomy":"product_cat","embeddable":true,"href":"https:\/\/disma.ar\/clientes\/wp-json\/wp\/v2\/product_cat?post=5982"},{"taxonomy":"product_tag","embeddable":true,"href":"https:\/\/disma.ar\/clientes\/wp-json\/wp\/v2\/product_tag?post=5982"}],"curies":[{"name":"wp","href":"https:\/\/api.w.org\/{rel}","templated":true}]}}