{"id":5939,"date":"2024-11-06T11:22:57","date_gmt":"2024-11-06T14:22:57","guid":{"rendered":"https:\/\/disma.ar\/clientes\/?post_type=product&#038;p=5939"},"modified":"2026-04-30T10:33:45","modified_gmt":"2026-04-30T13:33:45","slug":"microfono-corbatero-inalambrico-android-ios-usb-tipo-c-dos-microfonos-1-receptor","status":"publish","type":"product","link":"https:\/\/disma.ar\/clientes\/producto\/microfono-corbatero-inalambrico-android-ios-usb-tipo-c-dos-microfonos-1-receptor\/","title":{"rendered":"Microfono Corbatero Inalambrico Android Ios Usb TIPO C DOS MICROFONOS 1 RECEPTOR"},"content":{"rendered":"<p>2 MICROFONO INALAMBRICO PARA M\u00d3VIL TIPO C, MICR\u00d3FONO CORBATERO \/ SOLAPA INAL\u00c1MBRICO PARA VLOG\/TIK TOK, WIRELESS LAVALIER MICROPHONE Micr\u00f3fono inal\u00e1mbrico de movil Plug-and-Play: Simplemente conecte el receptor a su dispositivo, no se requiere instalaci\u00f3n de unidades ni conexi\u00f3n de cable. El transmisor y el receptor se emparejar\u00e1n autom\u00e1ticamente despu\u00e9s del encendido.<\/p>\n","protected":false},"excerpt":{"rendered":"<p><strong>GENERICO<\/strong><\/p>\n","protected":false},"featured_media":13114,"comment_status":"open","ping_status":"closed","template":"","meta":[],"product_brand":[],"product_cat":[510,269],"product_tag":[],"class_list":{"0":"post-5939","1":"product","2":"type-product","3":"status-publish","4":"has-post-thumbnail","6":"product_cat-top","7":"product_cat-microfonos-inalambricos","9":"first","10":"instock","11":"shipping-taxable","12":"purchasable","13":"product-type-simple"},"_links":{"self":[{"href":"https:\/\/disma.ar\/clientes\/wp-json\/wp\/v2\/product\/5939","targetHints":{"allow":["GET"]}}],"collection":[{"href":"https:\/\/disma.ar\/clientes\/wp-json\/wp\/v2\/product"}],"about":[{"href":"https:\/\/disma.ar\/clientes\/wp-json\/wp\/v2\/types\/product"}],"replies":[{"embeddable":true,"href":"https:\/\/disma.ar\/clientes\/wp-json\/wp\/v2\/comments?post=5939"}],"wp:featuredmedia":[{"embeddable":true,"href":"https:\/\/disma.ar\/clientes\/wp-json\/wp\/v2\/media\/13114"}],"wp:attachment":[{"href":"https:\/\/disma.ar\/clientes\/wp-json\/wp\/v2\/media?parent=5939"}],"wp:term":[{"taxonomy":"product_brand","embeddable":true,"href":"https:\/\/disma.ar\/clientes\/wp-json\/wp\/v2\/product_brand?post=5939"},{"taxonomy":"product_cat","embeddable":true,"href":"https:\/\/disma.ar\/clientes\/wp-json\/wp\/v2\/product_cat?post=5939"},{"taxonomy":"product_tag","embeddable":true,"href":"https:\/\/disma.ar\/clientes\/wp-json\/wp\/v2\/product_tag?post=5939"}],"curies":[{"name":"wp","href":"https:\/\/api.w.org\/{rel}","templated":true}]}}