{"id":5320,"date":"2023-05-30T16:44:33","date_gmt":"2023-05-30T19:44:33","guid":{"rendered":"https:\/\/disma.ar\/clientes\/?post_type=product&#038;p=5320"},"modified":"2026-04-30T10:31:59","modified_gmt":"2026-04-30T13:31:59","slug":"mini-linterna-tactica-aluminio-zoom-led-xpe-cob-recargable","status":"publish","type":"product","link":"https:\/\/disma.ar\/clientes\/producto\/mini-linterna-tactica-aluminio-zoom-led-xpe-cob-recargable\/","title":{"rendered":"LINTERNA MINI T\u00c1CTICA ALUMINIO ZOOM LED XPE + COB RECARGABLE"},"content":{"rendered":"<h2 class=\"ui-pdp-description__title\">Descripci\u00f3n<\/h2>\n<p class=\"ui-pdp-description__content\">MINI LINTERNA TACTICA RECARGABLE<br \/>\nCon estuche pl\u00e1stico.<\/p>\n<p>3 modos de brillo ajustables opcionales seg\u00fan sus necesidades.<br \/>\nCable de carga USB incluido, conveniente para cargar.<br \/>\nDise\u00f1o de procesamiento \u00fanico, con un aspecto extraordinario como un bol\u00edgrafo.<br \/>\nMaterial de aleaci\u00f3n de aluminio de alta calidad con un rendimiento estable y largo tiempo de servicio. Peque\u00f1o y ligero, y con correa colgante y caja de almacenamiento, conveniente para llevar y colocar.<br \/>\nImpermeable al d\u00eda, alto brillo, bajo consumo de energ\u00eda, ahorro de energ\u00eda, respetuoso con el medio ambiente.<br \/>\nPr\u00e1ctico, adecuado para camping, senderismo, ciclismo, iluminaci\u00f3n de emergencia, SOS de supervivencia al aire libre, etc.<\/p>\n<p>DATOS TECNICOS<\/p>\n<p>Material: aleaci\u00f3n de aluminio.<br \/>\nMedidas: 9 cm x 2 cm x 2 cm.<br \/>\nAlimentaci\u00f3n: USB.<br \/>\nReflector: lente convexa.<br \/>\nColor de la luz: blanco.<br \/>\nModo de iluminaci\u00f3n: 3 modos (flash de frecuencia alta-baja).<br \/>\nFuente de alimentaci\u00f3n: bater\u00eda recargable integrada (800mah).<br \/>\nInterruptor: Interruptor de bot\u00f3n.<br \/>\nEscalable: acercar\/alejar.<br \/>\nPeso del producto: 40g.<br \/>\nAUTONOMIA: 6 hs aprox.<br \/>\nL\u00famenes: 600.<\/p>\n","protected":false},"excerpt":{"rendered":"<p>RAMBO<\/p>\n","protected":false},"featured_media":13303,"comment_status":"open","ping_status":"closed","template":"","meta":[],"product_brand":[],"product_cat":[360,254,247],"product_tag":[],"class_list":{"0":"post-5320","1":"product","2":"type-product","3":"status-publish","4":"has-post-thumbnail","6":"product_cat-electro-y-bazar","7":"product_cat-veladores","8":"product_cat-linternas-con-leds","10":"first","11":"instock","12":"shipping-taxable","13":"purchasable","14":"product-type-simple"},"_links":{"self":[{"href":"https:\/\/disma.ar\/clientes\/wp-json\/wp\/v2\/product\/5320","targetHints":{"allow":["GET"]}}],"collection":[{"href":"https:\/\/disma.ar\/clientes\/wp-json\/wp\/v2\/product"}],"about":[{"href":"https:\/\/disma.ar\/clientes\/wp-json\/wp\/v2\/types\/product"}],"replies":[{"embeddable":true,"href":"https:\/\/disma.ar\/clientes\/wp-json\/wp\/v2\/comments?post=5320"}],"wp:featuredmedia":[{"embeddable":true,"href":"https:\/\/disma.ar\/clientes\/wp-json\/wp\/v2\/media\/13303"}],"wp:attachment":[{"href":"https:\/\/disma.ar\/clientes\/wp-json\/wp\/v2\/media?parent=5320"}],"wp:term":[{"taxonomy":"product_brand","embeddable":true,"href":"https:\/\/disma.ar\/clientes\/wp-json\/wp\/v2\/product_brand?post=5320"},{"taxonomy":"product_cat","embeddable":true,"href":"https:\/\/disma.ar\/clientes\/wp-json\/wp\/v2\/product_cat?post=5320"},{"taxonomy":"product_tag","embeddable":true,"href":"https:\/\/disma.ar\/clientes\/wp-json\/wp\/v2\/product_tag?post=5320"}],"curies":[{"name":"wp","href":"https:\/\/api.w.org\/{rel}","templated":true}]}}