{"id":4562,"date":"2025-09-16T09:30:04","date_gmt":"2025-09-16T12:30:04","guid":{"rendered":"https:\/\/disma.ar\/clientes\/?post_type=product&#038;p=4562"},"modified":"2026-04-30T10:29:57","modified_gmt":"2026-04-30T13:29:57","slug":"alcohol-isopropilico-en-botella-250cc-full-energy","status":"publish","type":"product","link":"https:\/\/disma.ar\/clientes\/producto\/alcohol-isopropilico-en-botella-250cc-full-energy\/","title":{"rendered":"ALCOHOL ISOPROPILICO 250 ML BOTELLA Full Energy"},"content":{"rendered":"<p>Eficiente, pr\u00e1ctico y de gran penetraci\u00f3n. Incorpora aditivos especiales que mejoran su rendimiento, calidad y tiempo de evaporaci\u00f3n. Reemplaza con eficacia y menor costo a otros solventes para limpieza de plaquetas. Remueve tintas, ceras, adhesivos y suciedad en general<\/p>\n<p>alcohol isoprop\u00edlico de alta pureza 250ml<br \/>\nmaxima limpieza<br \/>\nrapida evaporaci\u00f3n<br \/>\nde acci\u00f3n instant\u00e1nea<\/p>\n","protected":false},"excerpt":{"rendered":"<p>FULLENERGY<\/p>\n","protected":false},"featured_media":17614,"comment_status":"open","ping_status":"closed","template":"","meta":[],"product_brand":[],"product_cat":[364,363],"product_tag":[],"class_list":{"0":"post-4562","1":"product","2":"type-product","3":"status-publish","4":"has-post-thumbnail","6":"product_cat-baterias-cables-plaquetas-2","7":"product_cat-baterias-cables-plaquetas","9":"first","10":"instock","11":"shipping-taxable","12":"purchasable","13":"product-type-simple"},"_links":{"self":[{"href":"https:\/\/disma.ar\/clientes\/wp-json\/wp\/v2\/product\/4562","targetHints":{"allow":["GET"]}}],"collection":[{"href":"https:\/\/disma.ar\/clientes\/wp-json\/wp\/v2\/product"}],"about":[{"href":"https:\/\/disma.ar\/clientes\/wp-json\/wp\/v2\/types\/product"}],"replies":[{"embeddable":true,"href":"https:\/\/disma.ar\/clientes\/wp-json\/wp\/v2\/comments?post=4562"}],"wp:featuredmedia":[{"embeddable":true,"href":"https:\/\/disma.ar\/clientes\/wp-json\/wp\/v2\/media\/17614"}],"wp:attachment":[{"href":"https:\/\/disma.ar\/clientes\/wp-json\/wp\/v2\/media?parent=4562"}],"wp:term":[{"taxonomy":"product_brand","embeddable":true,"href":"https:\/\/disma.ar\/clientes\/wp-json\/wp\/v2\/product_brand?post=4562"},{"taxonomy":"product_cat","embeddable":true,"href":"https:\/\/disma.ar\/clientes\/wp-json\/wp\/v2\/product_cat?post=4562"},{"taxonomy":"product_tag","embeddable":true,"href":"https:\/\/disma.ar\/clientes\/wp-json\/wp\/v2\/product_tag?post=4562"}],"curies":[{"name":"wp","href":"https:\/\/api.w.org\/{rel}","templated":true}]}}