{"id":4189,"date":"2024-09-19T17:05:30","date_gmt":"2024-09-19T20:05:30","guid":{"rendered":"https:\/\/disma.ar\/clientes\/?post_type=product&#038;p=4189"},"modified":"2026-03-05T10:21:26","modified_gmt":"2026-03-05T13:21:26","slug":"pizarra-magica-tablet-lcd-anotador-dibuja-borra-8-5-pulgadas-con-lapiz","status":"publish","type":"product","link":"https:\/\/disma.ar\/clientes\/producto\/pizarra-magica-tablet-lcd-anotador-dibuja-borra-8-5-pulgadas-con-lapiz\/","title":{"rendered":"Pizarra Magica Tablet LCD Anotador Dibuja Borra 8.5 PULGADAS \/ CON LAPIZ"},"content":{"rendered":"<p>PIZARRA MAGICA 8.5 pulgadas<\/p>\n<p>Pantalla de escritura LCD de 8.5 pulgadas, sensible a la presi\u00f3n, duradera y ultraligera. Dise\u00f1o ligero y port\u00e1til. Variedad de colores.<br \/>\nEs ideal para todas las edades!<br \/>\nEscribiendo en la tableta LCD eliminas la necesidad de papel, y notas adhesivas, simplemente escribes o dibujas y borras.<br \/>\nLa resistente pantalla LCD ultra ligera est\u00e1 dise\u00f1ada brindar la sensaci\u00f3n de escribir con bol\u00edgrafo en papel.<br \/>\nLa imagen se puede borrar con el toque de un bot\u00f3n.<br \/>\nCrear una y otra vez, sin la necesidad de cargar o conectar.<\/p>\n<p>&#8211; Escritura sensible a presi\u00f3n<br \/>\n&#8211; Bot\u00f3n de borrado<br \/>\n&#8211; Producto resistente<br \/>\n&#8211; Eco Amigable &#8211; No mas papel!<br \/>\n&#8211; Funciona con pila (Incluida)<br \/>\n&#8211; Viene con su l\u00e1piz<br \/>\n&#8211; Medida 22,5 x 14,5 cm<br \/>\n&#8211; Incluye Pila CR2025<\/p>\n","protected":false},"excerpt":{"rendered":"<p>NACRIN<\/p>\n","protected":false},"featured_media":13134,"comment_status":"open","ping_status":"closed","template":"","meta":[],"product_brand":[],"product_cat":[242],"product_tag":[],"class_list":{"0":"post-4189","1":"product","2":"type-product","3":"status-publish","4":"has-post-thumbnail","6":"product_cat-cartel-luminoso","8":"first","9":"instock","10":"shipping-taxable","11":"purchasable","12":"product-type-simple"},"_links":{"self":[{"href":"https:\/\/disma.ar\/clientes\/wp-json\/wp\/v2\/product\/4189","targetHints":{"allow":["GET"]}}],"collection":[{"href":"https:\/\/disma.ar\/clientes\/wp-json\/wp\/v2\/product"}],"about":[{"href":"https:\/\/disma.ar\/clientes\/wp-json\/wp\/v2\/types\/product"}],"replies":[{"embeddable":true,"href":"https:\/\/disma.ar\/clientes\/wp-json\/wp\/v2\/comments?post=4189"}],"wp:featuredmedia":[{"embeddable":true,"href":"https:\/\/disma.ar\/clientes\/wp-json\/wp\/v2\/media\/13134"}],"wp:attachment":[{"href":"https:\/\/disma.ar\/clientes\/wp-json\/wp\/v2\/media?parent=4189"}],"wp:term":[{"taxonomy":"product_brand","embeddable":true,"href":"https:\/\/disma.ar\/clientes\/wp-json\/wp\/v2\/product_brand?post=4189"},{"taxonomy":"product_cat","embeddable":true,"href":"https:\/\/disma.ar\/clientes\/wp-json\/wp\/v2\/product_cat?post=4189"},{"taxonomy":"product_tag","embeddable":true,"href":"https:\/\/disma.ar\/clientes\/wp-json\/wp\/v2\/product_tag?post=4189"}],"curies":[{"name":"wp","href":"https:\/\/api.w.org\/{rel}","templated":true}]}}