{"id":4097,"date":"2024-12-12T10:06:39","date_gmt":"2024-12-12T13:06:39","guid":{"rendered":"https:\/\/disma.ar\/clientes\/?post_type=product&#038;p=4097"},"modified":"2026-04-30T10:28:39","modified_gmt":"2026-04-30T13:28:39","slug":"extensor-de-rango-wifi-repetidor-2-antenas-300mbps","status":"publish","type":"product","link":"https:\/\/disma.ar\/clientes\/producto\/extensor-de-rango-wifi-repetidor-2-antenas-300mbps\/","title":{"rendered":"EXTENSOR DE RANGO WIFI REPETIDO DE WIFI R 2 ANTENAS 300MBPS"},"content":{"rendered":"<p>Caracter\u00edsticas:<br \/>\ncifrado de una sola tecla, red de control de inundaciones efectiva<br \/>\nInterfaz de software Asistente de configuraci\u00f3n simple Interfaz de software<br \/>\nEst\u00e1ndar inal\u00e1mbrico IEEE802.11 b\/g\/n Frecuencia de transmisi\u00f3n: 2.4 GHz 2.4835 GHz<br \/>\n100% nuevo y de alta calidad<br \/>\nModos de trabajo de rel\u00e9 y AP, tel\u00e9fono m\u00f3vil\/tableta\/computadora se puede configurar, solo una vez, los dispositivos inal\u00e1mbricos se pueden utilizar<br \/>\nEl amplificador WiFi adopt\u00f3 una tecnolog\u00eda inal\u00e1mbrica de doble frecuencia de 2,4 GHz, puede proporcionar una red de alta velocidad cuando se trabaja, se juegan, se ven en alta definici\u00f3n dios ect.<br \/>\nEl paquete incluye:<br \/>\n1 x repetidor WiFi inal\u00e1mbrico<br \/>\n1 x Gu\u00eda de instalaci\u00f3n<\/p>\n<p>Especificaciones:<br \/>\nantena dual<br \/>\nEst\u00e1ndar inal\u00e1mbrico: 802.11n\/b\/g<br \/>\nVelocidad inal\u00e1mbrica: 300 Mbps<br \/>\nBanda de frecuencia: 2.4 GHz<br \/>\nVoltaje de soporte: 110 V-240 V<br \/>\nFuncionamiento: 040<br \/>\nAlmacenamiento: 1070<br \/>\nColor: blanco<br \/>\nTipo de enchufe: US\/UK\/EU\/AU<\/p>\n","protected":false},"excerpt":{"rendered":"<p>GENERICO<\/p>\n","protected":false},"featured_media":6429,"comment_status":"open","ping_status":"closed","template":"","meta":[],"product_brand":[],"product_cat":[179],"product_tag":[],"class_list":{"0":"post-4097","1":"product","2":"type-product","3":"status-publish","4":"has-post-thumbnail","6":"product_cat-acces-point","8":"first","9":"instock","10":"shipping-taxable","11":"purchasable","12":"product-type-simple"},"_links":{"self":[{"href":"https:\/\/disma.ar\/clientes\/wp-json\/wp\/v2\/product\/4097","targetHints":{"allow":["GET"]}}],"collection":[{"href":"https:\/\/disma.ar\/clientes\/wp-json\/wp\/v2\/product"}],"about":[{"href":"https:\/\/disma.ar\/clientes\/wp-json\/wp\/v2\/types\/product"}],"replies":[{"embeddable":true,"href":"https:\/\/disma.ar\/clientes\/wp-json\/wp\/v2\/comments?post=4097"}],"wp:featuredmedia":[{"embeddable":true,"href":"https:\/\/disma.ar\/clientes\/wp-json\/wp\/v2\/media\/6429"}],"wp:attachment":[{"href":"https:\/\/disma.ar\/clientes\/wp-json\/wp\/v2\/media?parent=4097"}],"wp:term":[{"taxonomy":"product_brand","embeddable":true,"href":"https:\/\/disma.ar\/clientes\/wp-json\/wp\/v2\/product_brand?post=4097"},{"taxonomy":"product_cat","embeddable":true,"href":"https:\/\/disma.ar\/clientes\/wp-json\/wp\/v2\/product_cat?post=4097"},{"taxonomy":"product_tag","embeddable":true,"href":"https:\/\/disma.ar\/clientes\/wp-json\/wp\/v2\/product_tag?post=4097"}],"curies":[{"name":"wp","href":"https:\/\/api.w.org\/{rel}","templated":true}]}}