{"id":19823,"date":"2026-04-24T15:04:35","date_gmt":"2026-04-24T18:04:35","guid":{"rendered":"https:\/\/disma.ar\/clientes\/?post_type=product&#038;p=19823"},"modified":"2026-04-28T12:04:41","modified_gmt":"2026-04-28T15:04:41","slug":"camara-seguridad-vr-ip-wifi-4mp-full-hd-exterior-motorizada-5x-c-f","status":"publish","type":"product","link":"https:\/\/disma.ar\/clientes\/producto\/camara-seguridad-vr-ip-wifi-4mp-full-hd-exterior-motorizada-5x-c-f\/","title":{"rendered":"CAMARA SEGURIDAD VR IP WIFI 4MP FULL HD EXTERIOR MOTORIZADA 5X C\/F"},"content":{"rendered":"<p>La C\u00e1mara de Seguridad CV-001 es la soluci\u00f3n ideal para proteger tu hogar o negocio. Con conexi\u00f3n WiFi y resoluci\u00f3n Full HD, ofrece control remoto total desde tu celular, visi\u00f3n nocturna a color y movimiento motorizado.<\/p>\n<p>Caracter\u00edsticas destacadas:<br \/>\nResoluci\u00f3n: 4MP Full HD con compresi\u00f3n H265.<br \/>\nVisi\u00f3n nocturna: a color, con alcance de hasta 30 metros.<br \/>\nMovimiento motorizado: giro horizontal 255\u00b0 y vertical 90\u00b0 (pan &#038; tilt).<br \/>\nAudio bidireccional: micr\u00f3fono y altavoz integrados.<br \/>\nDetecci\u00f3n de movimiento: con alerta instant\u00e1nea al m\u00f3vil.<br \/>\nAlmacenamiento: compatible con tarjeta SD (hasta 128 GB) o nube.<br \/>\nInstalaci\u00f3n sencilla: incluye set de montaje y app de control.<br \/>\nCompatibilidad: Android, iOS, Windows y asistentes como Alexa.<br \/>\nResistencia al agua: clasificaci\u00f3n IP66 y dise\u00f1o antivand\u00e1lico.<br \/>\nEspecificaciones t\u00e9cnicas:<br \/>\nModelo: Naku CV-001<br \/>\nTipo: C\u00e1mara IP WiFi<br \/>\nUbicaci\u00f3n: Exterior (techo o pared)<br \/>\nConectividad: Wi-Fi, IP<br \/>\nZoom: \u00d3ptico 3x \/ Digital 5x<br \/>\nSensor: 1\/2.9&#8243; CMOS \u2013 3,6 mm<br \/>\nFPS m\u00e1x: 15<br \/>\nAlimentaci\u00f3n: 220V \/ 24W<\/p>\n","protected":false},"excerpt":{"rendered":"<p>La C\u00e1mara de Seguridad CV-001 es la soluci\u00f3n ideal para proteger tu hogar o negocio. Con conexi\u00f3n WiFi y resoluci\u00f3n Full HD, ofrece control remoto total desde tu celular, visi\u00f3n nocturna a color y movimiento motorizado. Caracter\u00edsticas destacadas: Resoluci\u00f3n: 4MP Full HD con compresi\u00f3n H265. Visi\u00f3n nocturna: a color, con alcance de hasta 30 metros. [&hellip;]<\/p>\n","protected":false},"featured_media":19824,"comment_status":"closed","ping_status":"closed","template":"","meta":[],"product_brand":[],"product_cat":[303],"product_tag":[],"class_list":{"0":"post-19823","1":"product","2":"type-product","3":"status-publish","4":"has-post-thumbnail","6":"product_cat-camaras-seguridad-y-monitores","8":"first","9":"instock","10":"shipping-taxable","11":"purchasable","12":"product-type-simple"},"_links":{"self":[{"href":"https:\/\/disma.ar\/clientes\/wp-json\/wp\/v2\/product\/19823","targetHints":{"allow":["GET"]}}],"collection":[{"href":"https:\/\/disma.ar\/clientes\/wp-json\/wp\/v2\/product"}],"about":[{"href":"https:\/\/disma.ar\/clientes\/wp-json\/wp\/v2\/types\/product"}],"replies":[{"embeddable":true,"href":"https:\/\/disma.ar\/clientes\/wp-json\/wp\/v2\/comments?post=19823"}],"wp:featuredmedia":[{"embeddable":true,"href":"https:\/\/disma.ar\/clientes\/wp-json\/wp\/v2\/media\/19824"}],"wp:attachment":[{"href":"https:\/\/disma.ar\/clientes\/wp-json\/wp\/v2\/media?parent=19823"}],"wp:term":[{"taxonomy":"product_brand","embeddable":true,"href":"https:\/\/disma.ar\/clientes\/wp-json\/wp\/v2\/product_brand?post=19823"},{"taxonomy":"product_cat","embeddable":true,"href":"https:\/\/disma.ar\/clientes\/wp-json\/wp\/v2\/product_cat?post=19823"},{"taxonomy":"product_tag","embeddable":true,"href":"https:\/\/disma.ar\/clientes\/wp-json\/wp\/v2\/product_tag?post=19823"}],"curies":[{"name":"wp","href":"https:\/\/api.w.org\/{rel}","templated":true}]}}