{"id":19659,"date":"2026-04-09T15:07:02","date_gmt":"2026-04-09T18:07:02","guid":{"rendered":"https:\/\/disma.ar\/clientes\/?post_type=product&#038;p=19659"},"modified":"2026-04-10T13:07:49","modified_gmt":"2026-04-10T16:07:49","slug":"walkman-cassette-reproductor-grabador-convertidor-a-usb-mp3-portatil-retro-alimentacion-dual","status":"publish","type":"product","link":"https:\/\/disma.ar\/clientes\/producto\/walkman-cassette-reproductor-grabador-convertidor-a-usb-mp3-portatil-retro-alimentacion-dual\/","title":{"rendered":"WALKMAN CASSETTE REPRODUCTOR GRABADOR CONVERTIDOR A USB MP3 PORTATIL RETRO ALIMENTACION DUAL"},"content":{"rendered":"<p>El Walkman Port\u00e1til JL-306 de Ruffo es la opci\u00f3n ideal para quienes buscan una experiencia de m\u00fasica nost\u00e1lgica combinada con la conveniencia moderna. Este reproductor cuenta con un dise\u00f1o cl\u00e1sico en color negro, que lo hace elegante y f\u00e1cil de llevar a cualquier lugar. Su funcionalidad de reproducci\u00f3n de casetes revive los cl\u00e1sicos, permiti\u00e9ndote disfrutar de tus canciones favoritas de anta\u00f1o.<\/p>\n<p>No tienes que preocuparte por tu musica, con su dos tipo de alimentaci\u00f3n puedes utilizar el walkman JL-306 ya sea por pilas doble AA (No vienen incluidas) o cargandolo a traves de su fuente de alimentaci\u00f3n tipo 3V DC (el cual incluye el cable de alimentaci\u00f3n).<br \/>\n Su sistema de auto-reverse te permite escuchar ambos lados de tus cintas sin necesidad de cambiar el cassette manualmente. Con la opci\u00f3n de un convertidor USB, tendr\u00e1s la posibilidad de transferir m\u00fasica digital, facilitando la mezcla entre lo viejo y lo nuevo en tu colecci\u00f3n musical.<\/p>\n","protected":false},"excerpt":{"rendered":"<p>El Walkman Port\u00e1til JL-306 de Ruffo es la opci\u00f3n ideal para quienes buscan una experiencia de m\u00fasica nost\u00e1lgica combinada con la conveniencia moderna. Este reproductor cuenta con un dise\u00f1o cl\u00e1sico en color negro, que lo hace elegante y f\u00e1cil de llevar a cualquier lugar. Su funcionalidad de reproducci\u00f3n de casetes revive los cl\u00e1sicos, permiti\u00e9ndote disfrutar [&hellip;]<\/p>\n","protected":false},"featured_media":19660,"comment_status":"closed","ping_status":"closed","template":"","meta":[],"product_brand":[],"product_cat":[357],"product_tag":[],"class_list":{"0":"post-19659","1":"product","2":"type-product","3":"status-publish","4":"has-post-thumbnail","6":"product_cat-reproductor-mp3","8":"first","9":"instock","10":"shipping-taxable","11":"purchasable","12":"product-type-simple"},"_links":{"self":[{"href":"https:\/\/disma.ar\/clientes\/wp-json\/wp\/v2\/product\/19659","targetHints":{"allow":["GET"]}}],"collection":[{"href":"https:\/\/disma.ar\/clientes\/wp-json\/wp\/v2\/product"}],"about":[{"href":"https:\/\/disma.ar\/clientes\/wp-json\/wp\/v2\/types\/product"}],"replies":[{"embeddable":true,"href":"https:\/\/disma.ar\/clientes\/wp-json\/wp\/v2\/comments?post=19659"}],"wp:featuredmedia":[{"embeddable":true,"href":"https:\/\/disma.ar\/clientes\/wp-json\/wp\/v2\/media\/19660"}],"wp:attachment":[{"href":"https:\/\/disma.ar\/clientes\/wp-json\/wp\/v2\/media?parent=19659"}],"wp:term":[{"taxonomy":"product_brand","embeddable":true,"href":"https:\/\/disma.ar\/clientes\/wp-json\/wp\/v2\/product_brand?post=19659"},{"taxonomy":"product_cat","embeddable":true,"href":"https:\/\/disma.ar\/clientes\/wp-json\/wp\/v2\/product_cat?post=19659"},{"taxonomy":"product_tag","embeddable":true,"href":"https:\/\/disma.ar\/clientes\/wp-json\/wp\/v2\/product_tag?post=19659"}],"curies":[{"name":"wp","href":"https:\/\/api.w.org\/{rel}","templated":true}]}}