{"id":19621,"date":"2026-04-07T15:10:44","date_gmt":"2026-04-07T18:10:44","guid":{"rendered":"https:\/\/disma.ar\/clientes\/?post_type=product&#038;p=19621"},"modified":"2026-04-07T15:54:50","modified_gmt":"2026-04-07T18:54:50","slug":"auricular-bluetooth-inalambrico-ldnio-earbuds-negro","status":"publish","type":"product","link":"https:\/\/disma.ar\/clientes\/producto\/auricular-bluetooth-inalambrico-ldnio-earbuds-negro\/","title":{"rendered":"AURICULAR BLUETOOTH INALAMBRICO LDNIO EARBUDS NEGRO"},"content":{"rendered":"<p>Marca: LDNIO<br \/>\nTipo: Auriculares inal\u00e1mbricos<br \/>\nControl por gestos t\u00e1ctil<br \/>\nMicr\u00f3fono integrado para llamadas claras<br \/>\nAutonom\u00eda: hasta 20 horas de bater\u00eda<br \/>\nSonido claro y equilibrado<br \/>\nDise\u00f1o ergon\u00f3mico y c\u00f3modo<br \/>\nUso prolongado sin molestias<br \/>\nColor: Negro<\/p>\n<p>Incluye:<br \/>\nAuriculares<br \/>\nEstuche de carga<br \/>\nCable de carga<br \/>\nManual<\/p>\n","protected":false},"excerpt":{"rendered":"<p>LDNIO<\/p>\n","protected":false},"featured_media":19623,"comment_status":"closed","ping_status":"closed","template":"","meta":[],"product_brand":[],"product_cat":[33],"product_tag":[],"class_list":{"0":"post-19621","1":"product","2":"type-product","3":"status-publish","4":"has-post-thumbnail","6":"product_cat-auriculares-bluetooth","8":"first","9":"instock","10":"shipping-taxable","11":"purchasable","12":"product-type-simple"},"_links":{"self":[{"href":"https:\/\/disma.ar\/clientes\/wp-json\/wp\/v2\/product\/19621","targetHints":{"allow":["GET"]}}],"collection":[{"href":"https:\/\/disma.ar\/clientes\/wp-json\/wp\/v2\/product"}],"about":[{"href":"https:\/\/disma.ar\/clientes\/wp-json\/wp\/v2\/types\/product"}],"replies":[{"embeddable":true,"href":"https:\/\/disma.ar\/clientes\/wp-json\/wp\/v2\/comments?post=19621"}],"wp:featuredmedia":[{"embeddable":true,"href":"https:\/\/disma.ar\/clientes\/wp-json\/wp\/v2\/media\/19623"}],"wp:attachment":[{"href":"https:\/\/disma.ar\/clientes\/wp-json\/wp\/v2\/media?parent=19621"}],"wp:term":[{"taxonomy":"product_brand","embeddable":true,"href":"https:\/\/disma.ar\/clientes\/wp-json\/wp\/v2\/product_brand?post=19621"},{"taxonomy":"product_cat","embeddable":true,"href":"https:\/\/disma.ar\/clientes\/wp-json\/wp\/v2\/product_cat?post=19621"},{"taxonomy":"product_tag","embeddable":true,"href":"https:\/\/disma.ar\/clientes\/wp-json\/wp\/v2\/product_tag?post=19621"}],"curies":[{"name":"wp","href":"https:\/\/api.w.org\/{rel}","templated":true}]}}