{"id":19432,"date":"2026-03-18T16:43:00","date_gmt":"2026-03-18T19:43:00","guid":{"rendered":"https:\/\/disma.ar\/clientes\/?post_type=product&#038;p=19432"},"modified":"2026-04-30T10:58:22","modified_gmt":"2026-04-30T13:58:22","slug":"microfono-pc-noga-streaming-plug-3-5-con-tripode-ajustable-condensador","status":"publish","type":"product","link":"https:\/\/disma.ar\/clientes\/producto\/microfono-pc-noga-streaming-plug-3-5-con-tripode-ajustable-condensador\/","title":{"rendered":"MICROFONO PC NOGA STREAMING PLUG 3.5 CON TRIPODE AJUSTABLE CONDENSADOR"},"content":{"rendered":"<p> Micr\u00f3fono Condensador de Alta Calidad<br \/>\n&#8211; Incluye tr\u00edpode ajustable<br \/>\n&#8211; Cancelaci\u00f3n de ruido<br \/>\n&#8211; Conexi\u00f3n miniplug 3.5mm<br \/>\n&#8211; Longitud del cable: 1,35 metros<br \/>\n&#8211; Compatible con diferentes dispositivos<\/p>\n","protected":false},"excerpt":{"rendered":"<p>Micr\u00f3fono Condensador de Alta Calidad &#8211; Incluye tr\u00edpode ajustable &#8211; Cancelaci\u00f3n de ruido &#8211; Conexi\u00f3n miniplug 3.5mm &#8211; Longitud del cable: 1,35 metros &#8211; Compatible con diferentes dispositivos<\/p>\n","protected":false},"featured_media":19433,"comment_status":"closed","ping_status":"closed","template":"","meta":[],"product_brand":[],"product_cat":[268,56],"product_tag":[],"class_list":{"0":"post-19432","1":"product","2":"type-product","3":"status-publish","4":"has-post-thumbnail","6":"product_cat-microfonos-de-cable","7":"product_cat-microfonos-pc","9":"first","10":"instock","11":"shipping-taxable","12":"purchasable","13":"product-type-simple"},"_links":{"self":[{"href":"https:\/\/disma.ar\/clientes\/wp-json\/wp\/v2\/product\/19432","targetHints":{"allow":["GET"]}}],"collection":[{"href":"https:\/\/disma.ar\/clientes\/wp-json\/wp\/v2\/product"}],"about":[{"href":"https:\/\/disma.ar\/clientes\/wp-json\/wp\/v2\/types\/product"}],"replies":[{"embeddable":true,"href":"https:\/\/disma.ar\/clientes\/wp-json\/wp\/v2\/comments?post=19432"}],"wp:featuredmedia":[{"embeddable":true,"href":"https:\/\/disma.ar\/clientes\/wp-json\/wp\/v2\/media\/19433"}],"wp:attachment":[{"href":"https:\/\/disma.ar\/clientes\/wp-json\/wp\/v2\/media?parent=19432"}],"wp:term":[{"taxonomy":"product_brand","embeddable":true,"href":"https:\/\/disma.ar\/clientes\/wp-json\/wp\/v2\/product_brand?post=19432"},{"taxonomy":"product_cat","embeddable":true,"href":"https:\/\/disma.ar\/clientes\/wp-json\/wp\/v2\/product_cat?post=19432"},{"taxonomy":"product_tag","embeddable":true,"href":"https:\/\/disma.ar\/clientes\/wp-json\/wp\/v2\/product_tag?post=19432"}],"curies":[{"name":"wp","href":"https:\/\/api.w.org\/{rel}","templated":true}]}}