{"id":19268,"date":"2026-03-03T11:07:41","date_gmt":"2026-03-03T14:07:41","guid":{"rendered":"https:\/\/disma.ar\/clientes\/?post_type=product&#038;p=19268"},"modified":"2026-04-09T10:00:51","modified_gmt":"2026-04-09T13:00:51","slug":"accesorios-camara-deportiva-4k-wifi-ultra-hd-30mts-1080p-sports","status":"publish","type":"product","link":"https:\/\/disma.ar\/clientes\/producto\/accesorios-camara-deportiva-4k-wifi-ultra-hd-30mts-1080p-sports\/","title":{"rendered":"ACCESORIOS CAMARA DEPORTIVA 4K WIFI ULTRA HD 30MTS 1080P SPORTS"},"content":{"rendered":"<p>Soportes y monturas:<br \/>\nMontura de manillar\/poste<br \/>\nMontura de casco<br \/>\nMonturas de liberaci\u00f3n r\u00e1pida<br \/>\nAdaptadores de montura de tr\u00edpode<br \/>\nHebilla de montaje vertical<br \/>\nSoportes fijos y clips de montaje<br \/>\nBrazos pivotantes de 3 v\u00edas<br \/>\nCarcasas y fijaciones:<br \/>\nCarcasa impermeable<br \/>\nMarco de montaje<br \/>\nAdhesivos 3M<br \/>\nCables y otros:<br \/>\nCable USB (USB cable).<br \/>\nPa\u00f1o de limpieza<br \/>\nCorreas o bridas <\/p>\n","protected":false},"excerpt":{"rendered":"<p>Soportes y monturas: Montura de manillar\/poste Montura de casco Monturas de liberaci\u00f3n r\u00e1pida Adaptadores de montura de tr\u00edpode Hebilla de montaje vertical Soportes fijos y clips de montaje Brazos pivotantes de 3 v\u00edas Carcasas y fijaciones: Carcasa impermeable Marco de montaje Adhesivos 3M Cables y otros: Cable USB (USB cable). Pa\u00f1o de limpieza Correas o [&hellip;]<\/p>\n","protected":false},"featured_media":19269,"comment_status":"closed","ping_status":"closed","template":"","meta":[],"product_brand":[],"product_cat":[350],"product_tag":[],"class_list":{"0":"post-19268","1":"product","2":"type-product","3":"status-publish","4":"has-post-thumbnail","6":"product_cat-camara-deportiva","8":"first","9":"outofstock","10":"shipping-taxable","11":"purchasable","12":"product-type-simple"},"_links":{"self":[{"href":"https:\/\/disma.ar\/clientes\/wp-json\/wp\/v2\/product\/19268","targetHints":{"allow":["GET"]}}],"collection":[{"href":"https:\/\/disma.ar\/clientes\/wp-json\/wp\/v2\/product"}],"about":[{"href":"https:\/\/disma.ar\/clientes\/wp-json\/wp\/v2\/types\/product"}],"replies":[{"embeddable":true,"href":"https:\/\/disma.ar\/clientes\/wp-json\/wp\/v2\/comments?post=19268"}],"wp:featuredmedia":[{"embeddable":true,"href":"https:\/\/disma.ar\/clientes\/wp-json\/wp\/v2\/media\/19269"}],"wp:attachment":[{"href":"https:\/\/disma.ar\/clientes\/wp-json\/wp\/v2\/media?parent=19268"}],"wp:term":[{"taxonomy":"product_brand","embeddable":true,"href":"https:\/\/disma.ar\/clientes\/wp-json\/wp\/v2\/product_brand?post=19268"},{"taxonomy":"product_cat","embeddable":true,"href":"https:\/\/disma.ar\/clientes\/wp-json\/wp\/v2\/product_cat?post=19268"},{"taxonomy":"product_tag","embeddable":true,"href":"https:\/\/disma.ar\/clientes\/wp-json\/wp\/v2\/product_tag?post=19268"}],"curies":[{"name":"wp","href":"https:\/\/api.w.org\/{rel}","templated":true}]}}