{"id":19197,"date":"2026-02-23T23:08:00","date_gmt":"2026-02-24T02:08:00","guid":{"rendered":"https:\/\/disma.ar\/clientes\/?post_type=product&#038;p=19197"},"modified":"2026-03-18T12:25:03","modified_gmt":"2026-03-18T15:25:03","slug":"linterna-recargable-usb-solar-con-funcion-power-bank-hb-5678","status":"publish","type":"product","link":"https:\/\/disma.ar\/clientes\/producto\/linterna-recargable-usb-solar-con-funcion-power-bank-hb-5678\/","title":{"rendered":"LINTERNA RECARGABLE USB SOLAR CON FUNCION POWER BANK HB-5678"},"content":{"rendered":"<p>La Linterna LED de Mano HB-5678 es un dispositivo multifuncional dise\u00f1ado principalmente para camping y emergencias, destac\u00e1ndose por su sistema de carga dual (solar y USB)<br \/>\nM\u00e9todos de Carga: Panel solar integrado en la carcasa y puerto USB (incluye cable).<br \/>\nAdem\u00e1s de linterna frontal, suele incluir funciones de l\u00e1mpara de \u00e1rea y, en modelos similares de la serie HB, capacidad de Power Bank para cargar dispositivos m\u00f3viles.<\/p>\n","protected":false},"excerpt":{"rendered":"<p>La Linterna LED de Mano HB-5678 es un dispositivo multifuncional dise\u00f1ado principalmente para camping y emergencias, destac\u00e1ndose por su sistema de carga dual (solar y USB) M\u00e9todos de Carga: Panel solar integrado en la carcasa y puerto USB (incluye cable). Adem\u00e1s de linterna frontal, suele incluir funciones de l\u00e1mpara de \u00e1rea y, en modelos similares [&hellip;]<\/p>\n","protected":false},"featured_media":19198,"comment_status":"closed","ping_status":"closed","template":"","meta":[],"product_brand":[],"product_cat":[360,248],"product_tag":[],"class_list":{"0":"post-19197","1":"product","2":"type-product","3":"status-publish","4":"has-post-thumbnail","6":"product_cat-electro-y-bazar","7":"product_cat-linternas-recargables-led","9":"first","10":"outofstock","11":"shipping-taxable","12":"purchasable","13":"product-type-simple"},"_links":{"self":[{"href":"https:\/\/disma.ar\/clientes\/wp-json\/wp\/v2\/product\/19197","targetHints":{"allow":["GET"]}}],"collection":[{"href":"https:\/\/disma.ar\/clientes\/wp-json\/wp\/v2\/product"}],"about":[{"href":"https:\/\/disma.ar\/clientes\/wp-json\/wp\/v2\/types\/product"}],"replies":[{"embeddable":true,"href":"https:\/\/disma.ar\/clientes\/wp-json\/wp\/v2\/comments?post=19197"}],"wp:featuredmedia":[{"embeddable":true,"href":"https:\/\/disma.ar\/clientes\/wp-json\/wp\/v2\/media\/19198"}],"wp:attachment":[{"href":"https:\/\/disma.ar\/clientes\/wp-json\/wp\/v2\/media?parent=19197"}],"wp:term":[{"taxonomy":"product_brand","embeddable":true,"href":"https:\/\/disma.ar\/clientes\/wp-json\/wp\/v2\/product_brand?post=19197"},{"taxonomy":"product_cat","embeddable":true,"href":"https:\/\/disma.ar\/clientes\/wp-json\/wp\/v2\/product_cat?post=19197"},{"taxonomy":"product_tag","embeddable":true,"href":"https:\/\/disma.ar\/clientes\/wp-json\/wp\/v2\/product_tag?post=19197"}],"curies":[{"name":"wp","href":"https:\/\/api.w.org\/{rel}","templated":true}]}}