{"id":19067,"date":"2026-02-09T16:02:29","date_gmt":"2026-02-09T19:02:29","guid":{"rendered":"https:\/\/disma.ar\/clientes\/?post_type=product&#038;p=19067"},"modified":"2026-03-09T11:56:14","modified_gmt":"2026-03-09T14:56:14","slug":"pila-fotografia-litio-16340-a-3-7v-700mah-fulltotal","status":"publish","type":"product","link":"https:\/\/disma.ar\/clientes\/producto\/pila-fotografia-litio-16340-a-3-7v-700mah-fulltotal\/","title":{"rendered":"PILA FOTOGRAFIA LITIO 16340 A 3.7V 700MAH FULLTOTAL"},"content":{"rendered":"<p>Pila Bateria EL-CR123A \/ 16340 recargable de Litio 3.7v 700 mah, con teton, marca Fulltotal. Al ser recargable, es reutilizable por lo que su duraci\u00f3n en el tiempo es mucho mayor que pilas de litio no recargables.<br \/>\nUsos frecuentes: camar\u00e1s de fotos, camar\u00e1s de vigilancia, linternas, sensores, alarmas, etc.<\/p>\n","protected":false},"excerpt":{"rendered":"<p>Pila Bateria EL-CR123A \/ 16340 recargable de Litio 3.7v 700 mah, con teton, marca Fulltotal. Al ser recargable, es reutilizable por lo que su duraci\u00f3n en el tiempo es mucho mayor que pilas de litio no recargables. Usos frecuentes: camar\u00e1s de fotos, camar\u00e1s de vigilancia, linternas, sensores, alarmas, etc.<\/p>\n","protected":false},"featured_media":19068,"comment_status":"closed","ping_status":"closed","template":"","meta":[],"product_brand":[],"product_cat":[132],"product_tag":[],"class_list":{"0":"post-19067","1":"product","2":"type-product","3":"status-publish","4":"has-post-thumbnail","6":"product_cat-baterias-fotografia","8":"first","9":"instock","10":"shipping-taxable","11":"purchasable","12":"product-type-simple"},"_links":{"self":[{"href":"https:\/\/disma.ar\/clientes\/wp-json\/wp\/v2\/product\/19067","targetHints":{"allow":["GET"]}}],"collection":[{"href":"https:\/\/disma.ar\/clientes\/wp-json\/wp\/v2\/product"}],"about":[{"href":"https:\/\/disma.ar\/clientes\/wp-json\/wp\/v2\/types\/product"}],"replies":[{"embeddable":true,"href":"https:\/\/disma.ar\/clientes\/wp-json\/wp\/v2\/comments?post=19067"}],"wp:featuredmedia":[{"embeddable":true,"href":"https:\/\/disma.ar\/clientes\/wp-json\/wp\/v2\/media\/19068"}],"wp:attachment":[{"href":"https:\/\/disma.ar\/clientes\/wp-json\/wp\/v2\/media?parent=19067"}],"wp:term":[{"taxonomy":"product_brand","embeddable":true,"href":"https:\/\/disma.ar\/clientes\/wp-json\/wp\/v2\/product_brand?post=19067"},{"taxonomy":"product_cat","embeddable":true,"href":"https:\/\/disma.ar\/clientes\/wp-json\/wp\/v2\/product_cat?post=19067"},{"taxonomy":"product_tag","embeddable":true,"href":"https:\/\/disma.ar\/clientes\/wp-json\/wp\/v2\/product_tag?post=19067"}],"curies":[{"name":"wp","href":"https:\/\/api.w.org\/{rel}","templated":true}]}}