{"id":18955,"date":"2026-01-27T19:39:08","date_gmt":"2026-01-27T22:39:08","guid":{"rendered":"https:\/\/disma.ar\/clientes\/?post_type=product&#038;p=18955"},"modified":"2026-03-06T08:58:05","modified_gmt":"2026-03-06T11:58:05","slug":"mouse-optico-sensor-3d-cable-usb-1200dpi-int-co-rdm-300","status":"publish","type":"product","link":"https:\/\/disma.ar\/clientes\/producto\/mouse-optico-sensor-3d-cable-usb-1200dpi-int-co-rdm-300\/","title":{"rendered":"MOUSE OPTICO SENSOR 3D CABLE USB 1200DPI INT.CO RDM-300"},"content":{"rendered":"<p>Mouse \u00f3ptico con resoluci\u00f3n de 1200 DPI y dise\u00f1o ergon\u00f3mico. Conexi\u00f3n USB y vida \u00fatil de 10 millones de clics. Fabricado en pl\u00e1stico ABS, liviano y duradero, ideal para oficina y uso diario.<\/p>\n","protected":false},"excerpt":{"rendered":"<p>Mouse \u00f3ptico con resoluci\u00f3n de 1200 DPI y dise\u00f1o ergon\u00f3mico. Conexi\u00f3n USB y vida \u00fatil de 10 millones de clics. Fabricado en pl\u00e1stico ABS, liviano y duradero, ideal para oficina y uso diario.<\/p>\n","protected":false},"featured_media":18974,"comment_status":"closed","ping_status":"closed","template":"","meta":[],"product_brand":[],"product_cat":[48],"product_tag":[],"class_list":{"0":"post-18955","1":"product","2":"type-product","3":"status-publish","4":"has-post-thumbnail","6":"product_cat-mouse-opticos","8":"first","9":"instock","10":"shipping-taxable","11":"purchasable","12":"product-type-simple"},"_links":{"self":[{"href":"https:\/\/disma.ar\/clientes\/wp-json\/wp\/v2\/product\/18955","targetHints":{"allow":["GET"]}}],"collection":[{"href":"https:\/\/disma.ar\/clientes\/wp-json\/wp\/v2\/product"}],"about":[{"href":"https:\/\/disma.ar\/clientes\/wp-json\/wp\/v2\/types\/product"}],"replies":[{"embeddable":true,"href":"https:\/\/disma.ar\/clientes\/wp-json\/wp\/v2\/comments?post=18955"}],"wp:featuredmedia":[{"embeddable":true,"href":"https:\/\/disma.ar\/clientes\/wp-json\/wp\/v2\/media\/18974"}],"wp:attachment":[{"href":"https:\/\/disma.ar\/clientes\/wp-json\/wp\/v2\/media?parent=18955"}],"wp:term":[{"taxonomy":"product_brand","embeddable":true,"href":"https:\/\/disma.ar\/clientes\/wp-json\/wp\/v2\/product_brand?post=18955"},{"taxonomy":"product_cat","embeddable":true,"href":"https:\/\/disma.ar\/clientes\/wp-json\/wp\/v2\/product_cat?post=18955"},{"taxonomy":"product_tag","embeddable":true,"href":"https:\/\/disma.ar\/clientes\/wp-json\/wp\/v2\/product_tag?post=18955"}],"curies":[{"name":"wp","href":"https:\/\/api.w.org\/{rel}","templated":true}]}}