{"id":18505,"date":"2025-12-10T12:19:50","date_gmt":"2025-12-10T15:19:50","guid":{"rendered":"https:\/\/disma.ar\/clientes\/?post_type=product&#038;p=18505"},"modified":"2026-04-30T10:53:47","modified_gmt":"2026-04-30T13:53:47","slug":"aromatizador-humidificador-difusor-con-filtro-400ml-ultrasonic","status":"publish","type":"product","link":"https:\/\/disma.ar\/clientes\/producto\/aromatizador-humidificador-difusor-con-filtro-400ml-ultrasonic\/","title":{"rendered":"AROMATIZADOR HUMIDIFICADOR DIFUSOR CON FILTRO 400ML ULTRASONIC"},"content":{"rendered":"<p>Nombre del art\u00edculo: humidificador<\/p>\n<div class=\"ui-vpp-striped-specs\">\n<div class=\"ui-vpp-striped-specs__table\">Material: PP<br \/>\nVoltaje de trabajo: DC 5 V<br \/>\nPotencia nominal: 3 W<br \/>\nCapacidad del tanque de agua: 130 ml<br \/>\nTiempo de trabajo: aproximadamente 4 horas<br \/>\nCantidad extraviada: 25-30 ml\/h Fuente de<br \/>\nalimentaci\u00f3n: USB<br \/>\nCaracter\u00edsticas de carga del cable: forma de bola, luz colorida, silencio, niebla fina, humedad del aire.<br \/>\nDi\u00e1metro de la m\u00e1quina: 10 cm (aprox.).<\/div>\n<\/div>\n","protected":false},"excerpt":{"rendered":"<p>Nombre del art\u00edculo: humidificador Material: PP Voltaje de trabajo: DC 5 V Potencia nominal: 3 W Capacidad del tanque de agua: 130 ml Tiempo de trabajo: aproximadamente 4 horas Cantidad extraviada: 25-30 ml\/h Fuente de alimentaci\u00f3n: USB Caracter\u00edsticas de carga del cable: forma de bola, luz colorida, silencio, niebla fina, humedad del aire. Di\u00e1metro de [&hellip;]<\/p>\n","protected":false},"featured_media":18506,"comment_status":"open","ping_status":"closed","template":"","meta":[],"product_brand":[],"product_cat":[360],"product_tag":[],"class_list":{"0":"post-18505","1":"product","2":"type-product","3":"status-publish","4":"has-post-thumbnail","6":"product_cat-electro-y-bazar","8":"first","9":"instock","10":"shipping-taxable","11":"purchasable","12":"product-type-simple"},"_links":{"self":[{"href":"https:\/\/disma.ar\/clientes\/wp-json\/wp\/v2\/product\/18505","targetHints":{"allow":["GET"]}}],"collection":[{"href":"https:\/\/disma.ar\/clientes\/wp-json\/wp\/v2\/product"}],"about":[{"href":"https:\/\/disma.ar\/clientes\/wp-json\/wp\/v2\/types\/product"}],"replies":[{"embeddable":true,"href":"https:\/\/disma.ar\/clientes\/wp-json\/wp\/v2\/comments?post=18505"}],"wp:featuredmedia":[{"embeddable":true,"href":"https:\/\/disma.ar\/clientes\/wp-json\/wp\/v2\/media\/18506"}],"wp:attachment":[{"href":"https:\/\/disma.ar\/clientes\/wp-json\/wp\/v2\/media?parent=18505"}],"wp:term":[{"taxonomy":"product_brand","embeddable":true,"href":"https:\/\/disma.ar\/clientes\/wp-json\/wp\/v2\/product_brand?post=18505"},{"taxonomy":"product_cat","embeddable":true,"href":"https:\/\/disma.ar\/clientes\/wp-json\/wp\/v2\/product_cat?post=18505"},{"taxonomy":"product_tag","embeddable":true,"href":"https:\/\/disma.ar\/clientes\/wp-json\/wp\/v2\/product_tag?post=18505"}],"curies":[{"name":"wp","href":"https:\/\/api.w.org\/{rel}","templated":true}]}}