{"id":18406,"date":"2025-12-04T15:54:05","date_gmt":"2025-12-04T18:54:05","guid":{"rendered":"https:\/\/disma.ar\/clientes\/?post_type=product&#038;p=18406"},"modified":"2026-04-30T10:54:01","modified_gmt":"2026-04-30T13:54:01","slug":"luz-led-portatil-solar-recargable-usb-c-camping-3-intensidades-luz-blanca","status":"publish","type":"product","link":"https:\/\/disma.ar\/clientes\/producto\/luz-led-portatil-solar-recargable-usb-c-camping-3-intensidades-luz-blanca\/","title":{"rendered":"LUZ LED PORTATIL SOLAR RECARGABLE USB C CAMPING 3 INTENSIDADES LUZ BLANCA"},"content":{"rendered":"<p>La L\u00e1mpara LED con Panel Solar de 18.5 cm es la soluci\u00f3n perfecta para iluminar tus espacios exteriores y darte un ambiente acogedor y seguro. Con una luz blanca de 6000 K, proporciona una iluminaci\u00f3n clara y brillante, ideal para jardines, patios o caminos. Su dise\u00f1o inal\u00e1mbrico y f\u00e1cil de montar permite una instalaci\u00f3n sencilla en cualquier lugar donde necesites luz.<\/p>\n<p>Esta l\u00e1mpara funciona de manera sostenible gracias a su alimentaci\u00f3n solar, lo que la convierte en una opci\u00f3n eficiente y respetuosa con el medio ambiente. No necesita cables ni fuentes de energ\u00eda adicionales, lo que la hace perfecta para ubicaciones remotas. Adem\u00e1s, su construcci\u00f3n robusta asegura un rendimiento confiable en diversas condiciones clim\u00e1ticas.<\/p>\n<p>La L\u00e1mpara LED no solo es funcional, sino que tambi\u00e9n realza la est\u00e9tica de tus espacios al aire libre. Su dise\u00f1o moderno y compacto se adapta f\u00e1cilmente a cualquier decoraci\u00f3n, brindando un toque contempor\u00e1neo. Aprovecha la energ\u00eda solar y transforma tu entorno con esta iluminaci\u00f3n pr\u00e1ctica y eficiente.<\/p>\n<p>una vez que se carga la l\u00e1mpara solar se puede usar para cargar el celular!<\/p>\n","protected":false},"excerpt":{"rendered":"<p>La L\u00e1mpara LED con Panel Solar de 18.5 cm es la soluci\u00f3n perfecta para iluminar tus espacios exteriores y darte un ambiente acogedor y seguro. Con una luz blanca de 6000 K, proporciona una iluminaci\u00f3n clara y brillante, ideal para jardines, patios o caminos. Su dise\u00f1o inal\u00e1mbrico y f\u00e1cil de montar permite una instalaci\u00f3n sencilla [&hellip;]<\/p>\n","protected":false},"featured_media":18407,"comment_status":"open","ping_status":"closed","template":"","meta":[],"product_brand":[],"product_cat":[250],"product_tag":[],"class_list":{"0":"post-18406","1":"product","2":"type-product","3":"status-publish","4":"has-post-thumbnail","6":"product_cat-luces-de-emergencia","8":"first","9":"instock","10":"shipping-taxable","11":"purchasable","12":"product-type-simple"},"_links":{"self":[{"href":"https:\/\/disma.ar\/clientes\/wp-json\/wp\/v2\/product\/18406","targetHints":{"allow":["GET"]}}],"collection":[{"href":"https:\/\/disma.ar\/clientes\/wp-json\/wp\/v2\/product"}],"about":[{"href":"https:\/\/disma.ar\/clientes\/wp-json\/wp\/v2\/types\/product"}],"replies":[{"embeddable":true,"href":"https:\/\/disma.ar\/clientes\/wp-json\/wp\/v2\/comments?post=18406"}],"wp:featuredmedia":[{"embeddable":true,"href":"https:\/\/disma.ar\/clientes\/wp-json\/wp\/v2\/media\/18407"}],"wp:attachment":[{"href":"https:\/\/disma.ar\/clientes\/wp-json\/wp\/v2\/media?parent=18406"}],"wp:term":[{"taxonomy":"product_brand","embeddable":true,"href":"https:\/\/disma.ar\/clientes\/wp-json\/wp\/v2\/product_brand?post=18406"},{"taxonomy":"product_cat","embeddable":true,"href":"https:\/\/disma.ar\/clientes\/wp-json\/wp\/v2\/product_cat?post=18406"},{"taxonomy":"product_tag","embeddable":true,"href":"https:\/\/disma.ar\/clientes\/wp-json\/wp\/v2\/product_tag?post=18406"}],"curies":[{"name":"wp","href":"https:\/\/api.w.org\/{rel}","templated":true}]}}