{"id":18095,"date":"2025-11-03T11:02:30","date_gmt":"2025-11-03T14:02:30","guid":{"rendered":"https:\/\/disma.ar\/clientes\/?post_type=product&#038;p=18095"},"modified":"2026-03-27T11:47:27","modified_gmt":"2026-03-27T14:47:27","slug":"estabilizador-camara-soporte-camara-celular-luz-indicador-gimbal-3-eje-tokqi","status":"publish","type":"product","link":"https:\/\/disma.ar\/clientes\/producto\/estabilizador-camara-soporte-camara-celular-luz-indicador-gimbal-3-eje-tokqi\/","title":{"rendered":"ESTABILIZADOR CAMARA + SOPORTE CAMARA\/CELULAR LUZ INDICADOR GIMBAL 3 EJE TOKQI"},"content":{"rendered":"<p>El TOKQI M01 es un estabilizador de mano con 3 ejes que le permite grabar videos sin vibraciones, incluso al caminar o correr. Ideal para streaming, vlogs o grabaciones creativas, cuenta con m\u00faltiples modos inteligentes y es compatible con una amplia variedad de smartphones.<\/p>\n<p>Principales caracter\u00edsticas:<\/p>\n<p>\u2013 Compatibilidad: iPhone, Xiaomi y otros smartphones (Android 9.0+ y iOS 11+)<br \/>\n\u2013 Carga m\u00e1xima: 280 g<br \/>\n\u2013 Dimensiones del tel\u00e9fono: Ancho 55-90 mm, grosor ? 11 mm<br \/>\n\u2013 Modos de trabajo: Semi-seguimiento, seguimiento completo, POV, espacio inicial, selfie stick<br \/>\n\u2013 Funciones inteligentes: Seguimiento facial, objetos, control de gestos, zoom, timelapse, transmisi\u00f3n en vivo<br \/>\n\u2013 Luz de relleno: 3 modos, 9 niveles de brillo<br \/>\n\u2013 Velocidad m\u00e1xima: 120\u00b0\/s<br \/>\n\u2013 \u00c1ngulos de movimiento: Giro 330\u00b0, balanceo 320\u00b0, inclinaci\u00f3n 330\u00b0<br \/>\n\u2013 Bater\u00eda: 3600mAh, hasta 8 horas de autonom\u00eda<br \/>\n\u2013 Tiempo de carga: 3 horas<br \/>\n\u2013 Peso: 378 g<br \/>\n\u2013 Dimensiones: 163 x 119 x 50 mm<br \/>\n\u2013 Montaje f\u00e1cil: Incluye tr\u00edpode y caja original<br \/>\nEste estabilizador cuenta con un teclado multifuncional para cambiar entre c\u00e1maras y modos con un solo clic, adem\u00e1s de un dise\u00f1o ergon\u00f3mico y plegable que facilita transportarlo a cualquier lugar.<\/p>\n<p>Si busca llevar su contenido al siguiente nivel, el TOKQI M01 es la herramienta perfecta para capturar im\u00e1genes estables, fluidas y llenas de creatividad.<\/p>\n","protected":false},"excerpt":{"rendered":"<p>TOKQI<\/p>\n","protected":false},"featured_media":18096,"comment_status":"open","ping_status":"closed","template":"","meta":[],"product_brand":[],"product_cat":[334],"product_tag":[],"class_list":{"0":"post-18095","1":"product","2":"type-product","3":"status-publish","4":"has-post-thumbnail","6":"product_cat-tripodes-monopies","8":"first","9":"instock","10":"shipping-taxable","11":"purchasable","12":"product-type-simple"},"_links":{"self":[{"href":"https:\/\/disma.ar\/clientes\/wp-json\/wp\/v2\/product\/18095","targetHints":{"allow":["GET"]}}],"collection":[{"href":"https:\/\/disma.ar\/clientes\/wp-json\/wp\/v2\/product"}],"about":[{"href":"https:\/\/disma.ar\/clientes\/wp-json\/wp\/v2\/types\/product"}],"replies":[{"embeddable":true,"href":"https:\/\/disma.ar\/clientes\/wp-json\/wp\/v2\/comments?post=18095"}],"wp:featuredmedia":[{"embeddable":true,"href":"https:\/\/disma.ar\/clientes\/wp-json\/wp\/v2\/media\/18096"}],"wp:attachment":[{"href":"https:\/\/disma.ar\/clientes\/wp-json\/wp\/v2\/media?parent=18095"}],"wp:term":[{"taxonomy":"product_brand","embeddable":true,"href":"https:\/\/disma.ar\/clientes\/wp-json\/wp\/v2\/product_brand?post=18095"},{"taxonomy":"product_cat","embeddable":true,"href":"https:\/\/disma.ar\/clientes\/wp-json\/wp\/v2\/product_cat?post=18095"},{"taxonomy":"product_tag","embeddable":true,"href":"https:\/\/disma.ar\/clientes\/wp-json\/wp\/v2\/product_tag?post=18095"}],"curies":[{"name":"wp","href":"https:\/\/api.w.org\/{rel}","templated":true}]}}