{"id":18091,"date":"2025-11-03T10:50:54","date_gmt":"2025-11-03T13:50:54","guid":{"rendered":"https:\/\/disma.ar\/clientes\/?post_type=product&#038;p=18091"},"modified":"2026-04-30T10:54:50","modified_gmt":"2026-04-30T13:54:50","slug":"lampara-mata-mosquitos-usb-tipo-c-silencioso-27x19cm","status":"publish","type":"product","link":"https:\/\/disma.ar\/clientes\/producto\/lampara-mata-mosquitos-usb-tipo-c-silencioso-27x19cm\/","title":{"rendered":"LAMPARA MATA MOSQUITOS USB TIPO C SILENCIOSO 27X19CM"},"content":{"rendered":"<p>1. Tecnolog\u00eda de fuente de luz de captura, fuerte descarga el\u00e9ctrica, alta tasa de matanza de mosquitos y vida m\u00e1s larga. 2. . Es inofensivo para el cuerpo humano y protege la seguridad de la familia. 3. Bater\u00eda de larga duraci\u00f3n, compatible para acampar al aire libre. 4. 360 \u00b0 sin \u00e1ngulo muerto para matar insectos, se puede utilizar en grandes espacios. Mantener alejado de los mosquitos. Tr\u00e1enos una noche tranquila y c\u00f3moda. 5. Ligero, se puede colgar para matar mosquitos. F\u00e1cil de llevar y colgar.<\/p>\n","protected":false},"excerpt":{"rendered":"<p>mosquito killer<\/p>\n","protected":false},"featured_media":18092,"comment_status":"open","ping_status":"closed","template":"","meta":[],"product_brand":[],"product_cat":[360],"product_tag":[],"class_list":{"0":"post-18091","1":"product","2":"type-product","3":"status-publish","4":"has-post-thumbnail","6":"product_cat-electro-y-bazar","8":"first","9":"instock","10":"shipping-taxable","11":"purchasable","12":"product-type-simple"},"_links":{"self":[{"href":"https:\/\/disma.ar\/clientes\/wp-json\/wp\/v2\/product\/18091","targetHints":{"allow":["GET"]}}],"collection":[{"href":"https:\/\/disma.ar\/clientes\/wp-json\/wp\/v2\/product"}],"about":[{"href":"https:\/\/disma.ar\/clientes\/wp-json\/wp\/v2\/types\/product"}],"replies":[{"embeddable":true,"href":"https:\/\/disma.ar\/clientes\/wp-json\/wp\/v2\/comments?post=18091"}],"wp:featuredmedia":[{"embeddable":true,"href":"https:\/\/disma.ar\/clientes\/wp-json\/wp\/v2\/media\/18092"}],"wp:attachment":[{"href":"https:\/\/disma.ar\/clientes\/wp-json\/wp\/v2\/media?parent=18091"}],"wp:term":[{"taxonomy":"product_brand","embeddable":true,"href":"https:\/\/disma.ar\/clientes\/wp-json\/wp\/v2\/product_brand?post=18091"},{"taxonomy":"product_cat","embeddable":true,"href":"https:\/\/disma.ar\/clientes\/wp-json\/wp\/v2\/product_cat?post=18091"},{"taxonomy":"product_tag","embeddable":true,"href":"https:\/\/disma.ar\/clientes\/wp-json\/wp\/v2\/product_tag?post=18091"}],"curies":[{"name":"wp","href":"https:\/\/api.w.org\/{rel}","templated":true}]}}