{"id":17355,"date":"2025-08-22T15:09:43","date_gmt":"2025-08-22T18:09:43","guid":{"rendered":"https:\/\/disma.ar\/clientes\/?post_type=product&#038;p=17355"},"modified":"2026-05-06T14:35:23","modified_gmt":"2026-05-06T17:35:23","slug":"reproductor-mp3-64gb-flash-usb-accesorios","status":"publish","type":"product","link":"https:\/\/disma.ar\/clientes\/producto\/reproductor-mp3-64gb-flash-usb-accesorios\/","title":{"rendered":"REPRODUCTOR MP3 8GB EXPANDIBLE HASTA 64GB FLASH USB ACCESORIOS"},"content":{"rendered":"<p>Reproductor MP3 modelo 5c516vf.<br data-start=\"164\" data-end=\"167\" \/>Dise\u00f1o compacto y liviano, ideal para uso diario, deporte o viajes.<br data-start=\"234\" data-end=\"237\" \/>Compatible con archivos de m\u00fasica en formato MP3 y WAV.<br data-start=\"292\" data-end=\"295\" \/>Cuenta con ranura para tarjeta microSD (memoria no incluida).<br data-start=\"356\" data-end=\"359\" \/>Bater\u00eda recargable de larga duraci\u00f3n (entre 10 y 20 horas de reproducci\u00f3n).<br data-start=\"484\" data-end=\"487\" \/>Conexi\u00f3n por cable USB para carga y transferencia de archivos.<br data-start=\"549\" data-end=\"552\" \/>F\u00e1cil de usar, sin necesidad de software adicional.<br data-start=\"603\" data-end=\"606\" \/>Colores disponibles seg\u00fan stock.<br data-start=\"638\" data-end=\"641\" \/>Ideal para escuchar m\u00fasica en cualquier momento sin depender del celular.<\/p>\n","protected":false},"excerpt":{"rendered":"<p>Reproductor MP3 modelo 5c516vf.Dise\u00f1o compacto y liviano, ideal para uso diario, deporte o viajes.Compatible con archivos de m\u00fasica en formato MP3 y WAV.Cuenta con ranura para tarjeta microSD (memoria no incluida).Bater\u00eda recargable de larga duraci\u00f3n (entre 10 y 20 horas de reproducci\u00f3n).Conexi\u00f3n por cable USB para carga y transferencia de archivos.F\u00e1cil de usar, sin necesidad [&hellip;]<\/p>\n","protected":false},"featured_media":17356,"comment_status":"open","ping_status":"closed","template":"","meta":[],"product_brand":[],"product_cat":[357],"product_tag":[],"class_list":{"0":"post-17355","1":"product","2":"type-product","3":"status-publish","4":"has-post-thumbnail","6":"product_cat-reproductor-mp3","8":"first","9":"instock","10":"shipping-taxable","11":"purchasable","12":"product-type-simple"},"_links":{"self":[{"href":"https:\/\/disma.ar\/clientes\/wp-json\/wp\/v2\/product\/17355","targetHints":{"allow":["GET"]}}],"collection":[{"href":"https:\/\/disma.ar\/clientes\/wp-json\/wp\/v2\/product"}],"about":[{"href":"https:\/\/disma.ar\/clientes\/wp-json\/wp\/v2\/types\/product"}],"replies":[{"embeddable":true,"href":"https:\/\/disma.ar\/clientes\/wp-json\/wp\/v2\/comments?post=17355"}],"wp:featuredmedia":[{"embeddable":true,"href":"https:\/\/disma.ar\/clientes\/wp-json\/wp\/v2\/media\/17356"}],"wp:attachment":[{"href":"https:\/\/disma.ar\/clientes\/wp-json\/wp\/v2\/media?parent=17355"}],"wp:term":[{"taxonomy":"product_brand","embeddable":true,"href":"https:\/\/disma.ar\/clientes\/wp-json\/wp\/v2\/product_brand?post=17355"},{"taxonomy":"product_cat","embeddable":true,"href":"https:\/\/disma.ar\/clientes\/wp-json\/wp\/v2\/product_cat?post=17355"},{"taxonomy":"product_tag","embeddable":true,"href":"https:\/\/disma.ar\/clientes\/wp-json\/wp\/v2\/product_tag?post=17355"}],"curies":[{"name":"wp","href":"https:\/\/api.w.org\/{rel}","templated":true}]}}