{"id":17138,"date":"2025-08-05T09:36:03","date_gmt":"2025-08-05T12:36:03","guid":{"rendered":"https:\/\/disma.ar\/clientes\/?post_type=product&#038;p=17138"},"modified":"2026-04-30T10:52:07","modified_gmt":"2026-04-30T13:52:07","slug":"mini-proyector-led-source-480-360-pixels-wifi","status":"publish","type":"product","link":"https:\/\/disma.ar\/clientes\/producto\/mini-proyector-led-source-480-360-pixels-wifi\/","title":{"rendered":"MINI PROYECTOR LED SOURCE 480 360 PIXELS WIFI 50 l\u00famenes ANSI"},"content":{"rendered":"<p>Nombre del producto<br \/>\nProyector inteligente port\u00e1til<br \/>\nModelo de producto<br \/>\nM5<br \/>\nTama\u00f1o de proyecci\u00f3n<br \/>\n14-94 pulgadas<br \/>\nResoluci\u00f3n f\u00edsica est\u00e1ndar<br \/>\n480*360P<br \/>\nBrillo<br \/>\n50 l\u00famenes ANSI<br \/>\nResoluci\u00f3n admitida<br \/>\n1920 x 1080p m\u00e1x<br \/>\nFuente de luz<br \/>\nLED, 30.000 horas de vida \u00fatil<\/p>\n","protected":false},"excerpt":{"rendered":"<p>Nombre del producto Proyector inteligente port\u00e1til Modelo de producto M5 Tama\u00f1o de proyecci\u00f3n 14-94 pulgadas Resoluci\u00f3n f\u00edsica est\u00e1ndar 480*360P Brillo 50 l\u00famenes ANSI Resoluci\u00f3n admitida 1920 x 1080p m\u00e1x Fuente de luz LED, 30.000 horas de vida \u00fatil<\/p>\n","protected":false},"featured_media":17139,"comment_status":"open","ping_status":"closed","template":"","meta":[],"product_brand":[],"product_cat":[360,254,78],"product_tag":[],"class_list":{"0":"post-17138","1":"product","2":"type-product","3":"status-publish","4":"has-post-thumbnail","6":"product_cat-electro-y-bazar","7":"product_cat-veladores","8":"product_cat-parlantes-bluetooth","10":"first","11":"outofstock","12":"shipping-taxable","13":"purchasable","14":"product-type-simple"},"_links":{"self":[{"href":"https:\/\/disma.ar\/clientes\/wp-json\/wp\/v2\/product\/17138","targetHints":{"allow":["GET"]}}],"collection":[{"href":"https:\/\/disma.ar\/clientes\/wp-json\/wp\/v2\/product"}],"about":[{"href":"https:\/\/disma.ar\/clientes\/wp-json\/wp\/v2\/types\/product"}],"replies":[{"embeddable":true,"href":"https:\/\/disma.ar\/clientes\/wp-json\/wp\/v2\/comments?post=17138"}],"wp:featuredmedia":[{"embeddable":true,"href":"https:\/\/disma.ar\/clientes\/wp-json\/wp\/v2\/media\/17139"}],"wp:attachment":[{"href":"https:\/\/disma.ar\/clientes\/wp-json\/wp\/v2\/media?parent=17138"}],"wp:term":[{"taxonomy":"product_brand","embeddable":true,"href":"https:\/\/disma.ar\/clientes\/wp-json\/wp\/v2\/product_brand?post=17138"},{"taxonomy":"product_cat","embeddable":true,"href":"https:\/\/disma.ar\/clientes\/wp-json\/wp\/v2\/product_cat?post=17138"},{"taxonomy":"product_tag","embeddable":true,"href":"https:\/\/disma.ar\/clientes\/wp-json\/wp\/v2\/product_tag?post=17138"}],"curies":[{"name":"wp","href":"https:\/\/api.w.org\/{rel}","templated":true}]}}