{"id":16829,"date":"2025-07-06T16:36:28","date_gmt":"2025-07-06T19:36:28","guid":{"rendered":"https:\/\/disma.ar\/clientes\/?post_type=product&#038;p=16829"},"modified":"2026-02-11T13:17:05","modified_gmt":"2026-02-11T16:17:05","slug":"teclado-gamer-cable-usb-mecanico-luz-led-multicolor-mini-ganon-noga","status":"publish","type":"product","link":"https:\/\/disma.ar\/clientes\/producto\/teclado-gamer-cable-usb-mecanico-luz-led-multicolor-mini-ganon-noga\/","title":{"rendered":"TECLADO GAMER CABLE USB MECANICO LUZ LED MULTICOLOR MINI GANON NOGA"},"content":{"rendered":"<ul class=\"ui-vpp-highlighted-specs__features-list\">\n<li class=\"ui-vpp-highlighted-specs__features-list-item ui-pdp-color--BLACK ui-pdp-size--XSMALL ui-pdp-family--REGULAR\">\n<div>Con GANON podr\u00e1s disfrutar tus juegos como nunca antes.<\/div>\n<div>Su Sistema Mec\u00e1nico de teclas elevadas con Blue MX Switch soportan exigencias de uso y una larga durabilidad.<\/div>\n<div>Incluye 29 Teclas Anti-Ghosting y 12 Teclas Multimedia \/ Web estrat\u00e9gicamente ubicadas para agilizar el uso de Internet y funciones multimedia m\u00e1s empleadas cotidianamente.<\/div>\n<div>Adem\u00e1s posee Retroiluminaci\u00f3n LED con 9 modos de iluminaci\u00f3n configurables.<\/div>\n<div>GANON es un Teclado Gamer ideal para jugadores de multiplayer on-line, rpg, first person shooter y cualquier juego con interface basada en Teclado + Mouse disponible en el mercado.<\/div>\n<div>Por su dise\u00f1o es \u00f3ptimo para largas sesiones de juego en las que puedas apoyar tus manos.<\/div>\n<div>GANON te garantiza precisi\u00f3n y durabilidad para tus juegos m\u00e1s exigentes.<\/div>\n<div><\/div>\n<div>\n<div>&#8211; Teclado Gamer Mec\u00e1nico con Blue MX Switch en todas las teclas<\/div>\n<div>&#8211; Teclas reforzadas y elevadas 4 mm que soportan largas exigencias de uso (&#8220;strong pressure&#8221;)<\/div>\n<div>&#8211; Retroiluminaci\u00f3n LED con 9 modos de iluminaci\u00f3n configurables<\/div>\n<div>&#8211; 29 Teclas Anti-Ghosting<\/div>\n<div>&#8211; 12 Teclas Multimedia \/ Web<\/div>\n<div>&#8211; Conexi\u00f3n USB<\/div>\n<div>&#8211; Longitud del cable: 1,50 metros<\/div>\n<div>&#8211; Soporta Windows 7\/8\/10 &amp; Mac OSX<\/div>\n<div>&#8211; Medidas: 46,5 cm. (Ancho) x 3,8 cm. (Alto) x 13,8 cm. (Profundidad)<\/div>\n<\/div>\n<\/li>\n<\/ul>\n","protected":false},"excerpt":{"rendered":"<p>NOGA<\/p>\n","protected":false},"featured_media":16830,"comment_status":"open","ping_status":"closed","template":"","meta":[],"product_brand":[],"product_cat":[84],"product_tag":[],"class_list":{"0":"post-16829","1":"product","2":"type-product","3":"status-publish","4":"has-post-thumbnail","6":"product_cat-teclados-pc","8":"first","9":"outofstock","10":"shipping-taxable","11":"purchasable","12":"product-type-simple"},"_links":{"self":[{"href":"https:\/\/disma.ar\/clientes\/wp-json\/wp\/v2\/product\/16829","targetHints":{"allow":["GET"]}}],"collection":[{"href":"https:\/\/disma.ar\/clientes\/wp-json\/wp\/v2\/product"}],"about":[{"href":"https:\/\/disma.ar\/clientes\/wp-json\/wp\/v2\/types\/product"}],"replies":[{"embeddable":true,"href":"https:\/\/disma.ar\/clientes\/wp-json\/wp\/v2\/comments?post=16829"}],"wp:featuredmedia":[{"embeddable":true,"href":"https:\/\/disma.ar\/clientes\/wp-json\/wp\/v2\/media\/16830"}],"wp:attachment":[{"href":"https:\/\/disma.ar\/clientes\/wp-json\/wp\/v2\/media?parent=16829"}],"wp:term":[{"taxonomy":"product_brand","embeddable":true,"href":"https:\/\/disma.ar\/clientes\/wp-json\/wp\/v2\/product_brand?post=16829"},{"taxonomy":"product_cat","embeddable":true,"href":"https:\/\/disma.ar\/clientes\/wp-json\/wp\/v2\/product_cat?post=16829"},{"taxonomy":"product_tag","embeddable":true,"href":"https:\/\/disma.ar\/clientes\/wp-json\/wp\/v2\/product_tag?post=16829"}],"curies":[{"name":"wp","href":"https:\/\/api.w.org\/{rel}","templated":true}]}}