{"id":16792,"date":"2026-02-23T10:54:23","date_gmt":"2026-02-23T13:54:23","guid":{"rendered":"https:\/\/disma.ar\/clientes\/?post_type=product&#038;p=16792"},"modified":"2026-02-23T22:06:30","modified_gmt":"2026-02-24T01:06:30","slug":"velador-lampara-esfera-3d-de-cristal-luna-con-astronauta-sentado-luces-de-cristal-031-4004","status":"publish","type":"product","link":"https:\/\/disma.ar\/clientes\/producto\/velador-lampara-esfera-3d-de-cristal-luna-con-astronauta-sentado-luces-de-cristal-031-4004\/","title":{"rendered":"VELADOR LAMPARA ESFERA 3D DE CRISTAL LUNA CON ASTRONAUTA SENTADO LUCES DE CRISTAL 031-4004"},"content":{"rendered":"<h5 class=\"ui-pdp-title\">Fotosfera de cristal luminoso Planeta Luna, color c\u00fapula de 8 cm, bola redonda de 8 cm, base redonda de 7 cm, estructura de empuje manual de astronauta.<\/h5>\n<p>Luces De Cristal Nocturnas 3d Lampara Esf\u00e9rica De Mesa.<\/p>\n<p>&#8211; Luces nocturnas decorativas: Se puede utilizar como una l\u00e1mpara decorativa interior y la modificar la atm\u00f3sfera de la casa. La base est\u00e1 realizada en madera, el color es c\u00e1lido y sin pintar. Se puede utilizar como l\u00e1mpara de noche o luz nocturna.<\/p>\n<p>-Material: luces nocturnas de estrellas con bola de cristal de alta calidad. La luz nocturna LED es tem\u00e1tica. Los cristales nunca pierden su brillo original.<\/p>\n","protected":false},"excerpt":{"rendered":"<p>Fotosfera de cristal luminoso Planeta Luna, color c\u00fapula de 8 cm, bola redonda de 8 cm, base redonda de 7 cm, estructura de empuje manual de astronauta. Luces De Cristal Nocturnas 3d Lampara Esf\u00e9rica De Mesa. &#8211; Luces nocturnas decorativas: Se puede utilizar como una l\u00e1mpara decorativa interior y la modificar la atm\u00f3sfera de la [&hellip;]<\/p>\n","protected":false},"featured_media":16793,"comment_status":"open","ping_status":"closed","template":"","meta":[],"product_brand":[],"product_cat":[360,254],"product_tag":[],"class_list":{"0":"post-16792","1":"product","2":"type-product","3":"status-publish","4":"has-post-thumbnail","6":"product_cat-electro-y-bazar","7":"product_cat-veladores","9":"first","10":"instock","11":"shipping-taxable","12":"purchasable","13":"product-type-simple"},"_links":{"self":[{"href":"https:\/\/disma.ar\/clientes\/wp-json\/wp\/v2\/product\/16792","targetHints":{"allow":["GET"]}}],"collection":[{"href":"https:\/\/disma.ar\/clientes\/wp-json\/wp\/v2\/product"}],"about":[{"href":"https:\/\/disma.ar\/clientes\/wp-json\/wp\/v2\/types\/product"}],"replies":[{"embeddable":true,"href":"https:\/\/disma.ar\/clientes\/wp-json\/wp\/v2\/comments?post=16792"}],"wp:featuredmedia":[{"embeddable":true,"href":"https:\/\/disma.ar\/clientes\/wp-json\/wp\/v2\/media\/16793"}],"wp:attachment":[{"href":"https:\/\/disma.ar\/clientes\/wp-json\/wp\/v2\/media?parent=16792"}],"wp:term":[{"taxonomy":"product_brand","embeddable":true,"href":"https:\/\/disma.ar\/clientes\/wp-json\/wp\/v2\/product_brand?post=16792"},{"taxonomy":"product_cat","embeddable":true,"href":"https:\/\/disma.ar\/clientes\/wp-json\/wp\/v2\/product_cat?post=16792"},{"taxonomy":"product_tag","embeddable":true,"href":"https:\/\/disma.ar\/clientes\/wp-json\/wp\/v2\/product_tag?post=16792"}],"curies":[{"name":"wp","href":"https:\/\/api.w.org\/{rel}","templated":true}]}}