{"id":16629,"date":"2025-06-19T10:00:08","date_gmt":"2025-06-19T13:00:08","guid":{"rendered":"https:\/\/disma.ar\/clientes\/?post_type=product&#038;p=16629"},"modified":"2026-02-11T13:16:08","modified_gmt":"2026-02-11T16:16:08","slug":"flash-aro-led-luz-soporte-flexible-con-clip-para-celular-pinza-mesa-2-en-1-live-stream-gm-3879","status":"publish","type":"product","link":"https:\/\/disma.ar\/clientes\/producto\/flash-aro-led-luz-soporte-flexible-con-clip-para-celular-pinza-mesa-2-en-1-live-stream-gm-3879\/","title":{"rendered":"FLASH ARO LED LUZ SOPORTE FLEXIBLE CON CLIP PARA CELULAR PINZA MESA 2 EN 1 LIVE STREAM GM-3879"},"content":{"rendered":"<div class=\"typographyItemDetail MuiBox-root css-0\">\n<h3 class=\"MuiTypography-root MuiTypography-h3 css-m3ljwm\">Aro De Luz Led Selfie 2en1 Celular Tiktok Live Stream SA14 &#8211; SKYWAY<\/h3>\n<h3 class=\"MuiTypography-root MuiTypography-h3 css-m3ljwm\"><\/h3>\n<\/div>\n<p class=\"MuiTypography-root MuiTypography-body1 typographyItemDetailDescription css-1tdd112\">ARO DE LUZ LED SELFIE 3 Intensidades SKYWAY Soporte de Mesa con Aro de Luz Led y Soporte para Celular<\/p>\n<p class=\"MuiTypography-root MuiTypography-body1 typographyItemDetailDescription css-1tdd112\">Caracter\u00edsticas: -F\u00e1cil de satisfacer tus demandas \u2013 simple y conveniente para operar, en vivo de canci\u00f3n maquillaje. -F\u00e1cil de operar<\/p>\n<p class=\"MuiTypography-root MuiTypography-body1 typographyItemDetailDescription css-1tdd112\">\u2013 Base de metal estable, la palanca de apoyo se puede ajustar al aspecto que te guste.<\/p>\n<p class=\"MuiTypography-root MuiTypography-body1 typographyItemDetailDescription css-1tdd112\">Soporte para tel\u00e9fono m\u00f3vil con rotaci\u00f3n de 360 grados. -Brazo Flexible<\/p>\n<p class=\"MuiTypography-root MuiTypography-body1 typographyItemDetailDescription css-1tdd112\">&#8211; 3 Cambios de luz Fria C\u00e1lida y Neutra 10 niveles de brillo<\/p>\n<p class=\"MuiTypography-root MuiTypography-body1 typographyItemDetailDescription css-1tdd112\">\u2013 LED Reforzada l\u00e1mpara sin peligro de calor, se puede tocar de forma segura.<\/p>\n<p class=\"MuiTypography-root MuiTypography-body1 typographyItemDetailDescription css-1tdd112\">Alimentaci\u00f3n por USB \u2013 muy conveniente, adecuado para la mayor\u00eda de dispositivos (port\u00e1til, PC, power bank, cargador USB, y etc) Producto Nuevo en Caja.<\/p>\n<p>Medidas<br \/>\nLargo maximo aro de luz 50cm<br \/>\nLargo maximo para celular 35cm<\/p>\n","protected":false},"excerpt":{"rendered":"<p>Aro De Luz Led Selfie 2en1 Celular Tiktok Live Stream SA14 &#8211; SKYWAY ARO DE LUZ LED SELFIE 3 Intensidades SKYWAY Soporte de Mesa con Aro de Luz Led y Soporte para Celular Caracter\u00edsticas: -F\u00e1cil de satisfacer tus demandas \u2013 simple y conveniente para operar, en vivo de canci\u00f3n maquillaje. -F\u00e1cil de operar \u2013 Base [&hellip;]<\/p>\n","protected":false},"featured_media":17791,"comment_status":"open","ping_status":"closed","template":"","meta":[],"product_brand":[],"product_cat":[243],"product_tag":[],"class_list":{"0":"post-16629","1":"product","2":"type-product","3":"status-publish","4":"has-post-thumbnail","6":"product_cat-efectos-luces","8":"first","9":"outofstock","10":"shipping-taxable","11":"purchasable","12":"product-type-simple"},"_links":{"self":[{"href":"https:\/\/disma.ar\/clientes\/wp-json\/wp\/v2\/product\/16629","targetHints":{"allow":["GET"]}}],"collection":[{"href":"https:\/\/disma.ar\/clientes\/wp-json\/wp\/v2\/product"}],"about":[{"href":"https:\/\/disma.ar\/clientes\/wp-json\/wp\/v2\/types\/product"}],"replies":[{"embeddable":true,"href":"https:\/\/disma.ar\/clientes\/wp-json\/wp\/v2\/comments?post=16629"}],"wp:featuredmedia":[{"embeddable":true,"href":"https:\/\/disma.ar\/clientes\/wp-json\/wp\/v2\/media\/17791"}],"wp:attachment":[{"href":"https:\/\/disma.ar\/clientes\/wp-json\/wp\/v2\/media?parent=16629"}],"wp:term":[{"taxonomy":"product_brand","embeddable":true,"href":"https:\/\/disma.ar\/clientes\/wp-json\/wp\/v2\/product_brand?post=16629"},{"taxonomy":"product_cat","embeddable":true,"href":"https:\/\/disma.ar\/clientes\/wp-json\/wp\/v2\/product_cat?post=16629"},{"taxonomy":"product_tag","embeddable":true,"href":"https:\/\/disma.ar\/clientes\/wp-json\/wp\/v2\/product_tag?post=16629"}],"curies":[{"name":"wp","href":"https:\/\/api.w.org\/{rel}","templated":true}]}}