{"id":15748,"date":"2025-03-17T16:16:49","date_gmt":"2025-03-17T19:16:49","guid":{"rendered":"https:\/\/disma.ar\/clientes\/?post_type=product&#038;p=15748"},"modified":"2026-04-30T10:49:20","modified_gmt":"2026-04-30T13:49:20","slug":"reloj-inteligente-smartwatch-uncluye-7-mallas-y-cargador-inalambrico-t24-pro-max","status":"publish","type":"product","link":"https:\/\/disma.ar\/clientes\/producto\/reloj-inteligente-smartwatch-uncluye-7-mallas-y-cargador-inalambrico-t24-pro-max\/","title":{"rendered":"RELOJ INTELIGENTE SMARTWATCH UNCLUYE 7 MALLAS Y CARGADOR INALAMBRICO T24 PRO MAX"},"content":{"rendered":"<p>l reloj inteligente T24 Pro Max es un dispositivo vers\u00e1til y repleto de funciones. Estas son algunas de las caracter\u00edsticas principales:<\/p>\n<p>Pantalla: LCD de 2.02 pulgadas con resoluci\u00f3n de 240 x 296 p\u00edxeles.<\/p>\n<p>Conectividad: Bluetooth 3.0, 4.0 y 5.1, con soporte para llamadas v\u00eda Bluetooth.<\/p>\n<p>Bater\u00eda: Carga inal\u00e1mbrica.<\/p>\n<p>Sensores: Monitorizaci\u00f3n del sue\u00f1o, presi\u00f3n arterial y frecuencia card\u00edaca.<\/p>\n<p>Funciones: Realizar y recibir llamadas, alarma, calendario, control de c\u00e1mara, notificaciones de mensajes y redes sociales.<\/p>\n<p>Resistencia al agua: No resistente al agua.<\/p>\n<p>Correas: Viene con 7 correas intercambiables y una funda protectora<\/p>\n<p>Incluye esferas de reloj con temas de f\u00fatbol como estrellas de f\u00fatbol. Esto permite personalizar el reloj con im\u00e1genes de jugadores famosos, haci\u00e9ndolo a\u00fan m\u00e1s especial para los aficionados al f\u00fatbol.<\/p>\n<p>El Smartwatch T24 Pro Max es un dispositivo multifuncional y elegante, ideal para quienes buscan un reloj inteligente con m\u00faltiples funciones<\/p>\n<p>Control de M\u00fasica y C\u00e1mara: Controla la reproducci\u00f3n de m\u00fasica y la c\u00e1mara de tu tel\u00e9fono inteligente directamente desde tu reloj inteligente. Notificaciones de juegos, reciba notificaciones de llamadas, mensajes de WhatsApp y aplicaciones directamente en su mu\u00f1eca.<\/p>\n<p>Monitoreo de salud: incluye funciones para monitorear su salud, como medir la frecuencia card\u00edaca, la presi\u00f3n arterial y la calidad del sue\u00f1o.<\/p>\n<p>Modos deportivos: admite varios modos deportivos como caminar, correr, Ciclismo y m\u00e1s, ayud\u00e1ndote a realizar un seguimiento de tus actividades f\u00edsicas con mayor precisi\u00f3n.<\/p>\n<p>Recordatorios de sedentarismo:<\/p>\n<p>Correr<\/p>\n<p>Ciclismo<\/p>\n<p>Entrenamiento de fuerza<\/p>\n<p>Baloncesto<\/p>\n<p>Tenis<\/p>\n<p>F\u00fatbol<\/p>\n<p>Voleibol<\/p>\n<p>Le notifica cuando ha estado inactivo durante mucho tiempo, anim\u00e1ndolo a moverse y mantener un estilo de vida activo.<\/p>\n<p>Pron\u00f3stico del tiempo: muestra el pron\u00f3stico del tiempo directamente en tu mu\u00f1eca, para que siempre est\u00e9s preparado para el d\u00eda.<\/p>\n<p>Control de la respiraci\u00f3n: ofrece ejercicios de respiraci\u00f3n guiados para ayudar a reducir el estr\u00e9s y mejorar el bienestar general.<\/p>\n<p>NO SE PUEDE COLOCAR EN EL AGUA<\/p>\n","protected":false},"excerpt":{"rendered":"<p>l reloj inteligente T24 Pro Max es un dispositivo vers\u00e1til y repleto de funciones. Estas son algunas de las caracter\u00edsticas principales: Pantalla: LCD de 2.02 pulgadas con resoluci\u00f3n de 240 x 296 p\u00edxeles. Conectividad: Bluetooth 3.0, 4.0 y 5.1, con soporte para llamadas v\u00eda Bluetooth. Bater\u00eda: Carga inal\u00e1mbrica. Sensores: Monitorizaci\u00f3n del sue\u00f1o, presi\u00f3n arterial y [&hellip;]<\/p>\n","protected":false},"featured_media":15749,"comment_status":"open","ping_status":"closed","template":"","meta":[],"product_brand":[],"product_cat":[300],"product_tag":[],"class_list":{"0":"post-15748","1":"product","2":"type-product","3":"status-publish","4":"has-post-thumbnail","6":"product_cat-relojes-inteligentes-smart-watch","8":"first","9":"instock","10":"shipping-taxable","11":"purchasable","12":"product-type-simple"},"_links":{"self":[{"href":"https:\/\/disma.ar\/clientes\/wp-json\/wp\/v2\/product\/15748","targetHints":{"allow":["GET"]}}],"collection":[{"href":"https:\/\/disma.ar\/clientes\/wp-json\/wp\/v2\/product"}],"about":[{"href":"https:\/\/disma.ar\/clientes\/wp-json\/wp\/v2\/types\/product"}],"replies":[{"embeddable":true,"href":"https:\/\/disma.ar\/clientes\/wp-json\/wp\/v2\/comments?post=15748"}],"wp:featuredmedia":[{"embeddable":true,"href":"https:\/\/disma.ar\/clientes\/wp-json\/wp\/v2\/media\/15749"}],"wp:attachment":[{"href":"https:\/\/disma.ar\/clientes\/wp-json\/wp\/v2\/media?parent=15748"}],"wp:term":[{"taxonomy":"product_brand","embeddable":true,"href":"https:\/\/disma.ar\/clientes\/wp-json\/wp\/v2\/product_brand?post=15748"},{"taxonomy":"product_cat","embeddable":true,"href":"https:\/\/disma.ar\/clientes\/wp-json\/wp\/v2\/product_cat?post=15748"},{"taxonomy":"product_tag","embeddable":true,"href":"https:\/\/disma.ar\/clientes\/wp-json\/wp\/v2\/product_tag?post=15748"}],"curies":[{"name":"wp","href":"https:\/\/api.w.org\/{rel}","templated":true}]}}