{"id":14749,"date":"2024-12-17T17:07:35","date_gmt":"2024-12-17T20:07:35","guid":{"rendered":"https:\/\/disma.ar\/clientes\/?post_type=product&#038;p=14749"},"modified":"2026-04-30T10:49:24","modified_gmt":"2026-04-30T13:49:24","slug":"cable-prolongador-alargue-usb-2-0-macho-hembra-amplificado-10mts-mejorado-gm6301","status":"publish","type":"product","link":"https:\/\/disma.ar\/clientes\/producto\/cable-prolongador-alargue-usb-2-0-macho-hembra-amplificado-10mts-mejorado-gm6301\/","title":{"rendered":"CABLE PROLONGADOR ALARGUE USB 2.0 MACHO HEMBRA AMPLIFICADO 10MTS MEJORADO (GM6301)"},"content":{"rendered":"<p>CABLE DE EXTENSI\u00d3N USB &#8211; 10 MTS &#8211; SKYWAY Cable alargue USB que permite extender su dispositivo &#8211; Compatible con USB 1.1 y USB2.0. &#8211; Alta velocidad &#8211; Extensi\u00f3n USB activa. Asegura buena se\u00f1al &#8211; Cable de excelente calidad &#8211; Cumple con las especificaciones para evitar interferencia electromagn\u00e9ticas y de radio frecuencia &#8211; Longitud:10 metros \u00bfPorqu\u00e9 ACTIVO? Este prolongador utiliza la alimentaci\u00f3n del puerto USB para amplificar la se\u00f1al de datos. No es un simple cable. De esta forma la se\u00f1al llega al extremo con excelente calidad y permite la conexi\u00f3n de dispositivos a distancias que con un cable normal no se podr\u00eda. IDEAL PARA: &#8211; C\u00e1maras &#8211; Impresoras. &#8211; Switches KVM. &#8211; Conversores USB a VGA \/ DVI. &#8211; Accesorios de consolas de juegos. CONECTE CUALQUIER DISPOSITIVO USB A DISTANCIA SIN PERDER SE\u00d1AL<\/p>\n","protected":false},"excerpt":{"rendered":"<p>SKYWAY<\/p>\n","protected":false},"featured_media":14750,"comment_status":"open","ping_status":"closed","template":"","meta":[],"product_brand":[],"product_cat":[39],"product_tag":[],"class_list":{"0":"post-14749","1":"product","2":"type-product","3":"status-publish","4":"has-post-thumbnail","6":"product_cat-cables-computacion","8":"first","9":"instock","10":"shipping-taxable","11":"purchasable","12":"product-type-simple"},"_links":{"self":[{"href":"https:\/\/disma.ar\/clientes\/wp-json\/wp\/v2\/product\/14749","targetHints":{"allow":["GET"]}}],"collection":[{"href":"https:\/\/disma.ar\/clientes\/wp-json\/wp\/v2\/product"}],"about":[{"href":"https:\/\/disma.ar\/clientes\/wp-json\/wp\/v2\/types\/product"}],"replies":[{"embeddable":true,"href":"https:\/\/disma.ar\/clientes\/wp-json\/wp\/v2\/comments?post=14749"}],"wp:featuredmedia":[{"embeddable":true,"href":"https:\/\/disma.ar\/clientes\/wp-json\/wp\/v2\/media\/14750"}],"wp:attachment":[{"href":"https:\/\/disma.ar\/clientes\/wp-json\/wp\/v2\/media?parent=14749"}],"wp:term":[{"taxonomy":"product_brand","embeddable":true,"href":"https:\/\/disma.ar\/clientes\/wp-json\/wp\/v2\/product_brand?post=14749"},{"taxonomy":"product_cat","embeddable":true,"href":"https:\/\/disma.ar\/clientes\/wp-json\/wp\/v2\/product_cat?post=14749"},{"taxonomy":"product_tag","embeddable":true,"href":"https:\/\/disma.ar\/clientes\/wp-json\/wp\/v2\/product_tag?post=14749"}],"curies":[{"name":"wp","href":"https:\/\/api.w.org\/{rel}","templated":true}]}}