{"id":14448,"date":"2024-12-12T11:41:22","date_gmt":"2024-12-12T14:41:22","guid":{"rendered":"https:\/\/disma.ar\/clientes\/?post_type=product&#038;p=14448"},"modified":"2026-04-30T10:46:48","modified_gmt":"2026-04-30T13:46:48","slug":"pie-de-microfono-de-piso-con-cana-70cm-a-145cm-metal-longitud-cana-65cm","status":"publish","type":"product","link":"https:\/\/disma.ar\/clientes\/producto\/pie-de-microfono-de-piso-con-cana-70cm-a-145cm-metal-longitud-cana-65cm\/","title":{"rendered":"PIE DE MICROFONO DE PISO CON CA\u00d1A 70CM A 145CM METAL LONGITUD CA\u00d1A 65CM"},"content":{"rendered":"<p>PIE DE MICROFONO AJUSTABLE DE PISO CON CA\u00d1A<br \/>\nCODIGO: PIEM 0136<br \/>\nALTURA MINIMA : 70 CM<br \/>\nALTURA MAXIMA: 145 CM<br \/>\nCA\u00d1A: LONGITUD: 65 CM<\/p>\n<p>PESO 18750 gramos<\/p>\n","protected":false},"excerpt":{"rendered":"<p>MIKAWA<\/p>\n","protected":false},"featured_media":14449,"comment_status":"open","ping_status":"closed","template":"","meta":[],"product_brand":[],"product_cat":[52],"product_tag":[],"class_list":{"0":"post-14448","1":"product","2":"type-product","3":"status-publish","4":"has-post-thumbnail","6":"product_cat-pie-de-microfono","8":"first","9":"instock","10":"shipping-taxable","11":"purchasable","12":"product-type-simple"},"_links":{"self":[{"href":"https:\/\/disma.ar\/clientes\/wp-json\/wp\/v2\/product\/14448","targetHints":{"allow":["GET"]}}],"collection":[{"href":"https:\/\/disma.ar\/clientes\/wp-json\/wp\/v2\/product"}],"about":[{"href":"https:\/\/disma.ar\/clientes\/wp-json\/wp\/v2\/types\/product"}],"replies":[{"embeddable":true,"href":"https:\/\/disma.ar\/clientes\/wp-json\/wp\/v2\/comments?post=14448"}],"wp:featuredmedia":[{"embeddable":true,"href":"https:\/\/disma.ar\/clientes\/wp-json\/wp\/v2\/media\/14449"}],"wp:attachment":[{"href":"https:\/\/disma.ar\/clientes\/wp-json\/wp\/v2\/media?parent=14448"}],"wp:term":[{"taxonomy":"product_brand","embeddable":true,"href":"https:\/\/disma.ar\/clientes\/wp-json\/wp\/v2\/product_brand?post=14448"},{"taxonomy":"product_cat","embeddable":true,"href":"https:\/\/disma.ar\/clientes\/wp-json\/wp\/v2\/product_cat?post=14448"},{"taxonomy":"product_tag","embeddable":true,"href":"https:\/\/disma.ar\/clientes\/wp-json\/wp\/v2\/product_tag?post=14448"}],"curies":[{"name":"wp","href":"https:\/\/api.w.org\/{rel}","templated":true}]}}