{"id":14175,"date":"2024-10-30T11:23:24","date_gmt":"2024-10-30T14:23:24","guid":{"rendered":"https:\/\/disma.ar\/clientes\/?post_type=product&#038;p=14175"},"modified":"2026-04-30T10:46:46","modified_gmt":"2026-04-30T13:46:46","slug":"memoria-micro-sd-64gb-maxell-c-adaptador-clase-10","status":"publish","type":"product","link":"https:\/\/disma.ar\/clientes\/producto\/memoria-micro-sd-64gb-maxell-c-adaptador-clase-10\/","title":{"rendered":"MEMORIA MICRO SD 64GB MAXELL C\/ ADAPTADOR CLASE 10"},"content":{"rendered":"<p>Memoria Micro SD 10 HIGH SPEED MAXELL<br \/>\n________________________________________<\/p>\n<p>Excelente Memoria de 64 GB para telefonos, tablet,<br \/>\naudio y mucho mas, compatible con Mac, Android y Pc.<br \/>\nIncluye adaptador, presentacion en blister cerrado,<br \/>\nproducto original.<\/p>\n<p>-Memoria MicroSD Flash Media Secure TRANSFLASH con adaptador SD<br \/>\n-UHS-1 y Speed Class 10 para grabaci\u00f3n y reproducci\u00f3n de v\u00eddeos en general<br \/>\n-2 veces m\u00e1s r\u00e1pida que una memoria Class 4<br \/>\n-Para uso general o diario, sobre todo en tel\u00e9fonos m\u00f3viles, c\u00e1maras de seguridad<br \/>\n-A prueba de golpes, cambios de temperatura, rayos X y resistente al agua, polvo, suciedad, manteniendo todos los datos en forma segura<br \/>\n-Velocidades de transferencia de hasta 90 MB\/s<br \/>\n-Disponible en capacidades: 16GB, 32GB, 64GB y 128GB<br \/>\n-Incluye adaptador de SD para amplia compatibilidad de equipos, tel\u00e9fonos inteligentes y tabletas, tambi\u00e9n ideal para c\u00e1maras digitales, PCs, port\u00e1tiles, etc.<br \/>\n-Compatible con MAC y Windows<\/p>\n","protected":false},"excerpt":{"rendered":"<p>MAXELL<\/p>\n","protected":false},"featured_media":14176,"comment_status":"open","ping_status":"closed","template":"","meta":[],"product_brand":[],"product_cat":[265],"product_tag":[],"class_list":{"0":"post-14175","1":"product","2":"type-product","3":"status-publish","4":"has-post-thumbnail","6":"product_cat-memorias-micro-sd-transflash","8":"first","9":"outofstock","10":"shipping-taxable","11":"purchasable","12":"product-type-simple"},"_links":{"self":[{"href":"https:\/\/disma.ar\/clientes\/wp-json\/wp\/v2\/product\/14175","targetHints":{"allow":["GET"]}}],"collection":[{"href":"https:\/\/disma.ar\/clientes\/wp-json\/wp\/v2\/product"}],"about":[{"href":"https:\/\/disma.ar\/clientes\/wp-json\/wp\/v2\/types\/product"}],"replies":[{"embeddable":true,"href":"https:\/\/disma.ar\/clientes\/wp-json\/wp\/v2\/comments?post=14175"}],"wp:featuredmedia":[{"embeddable":true,"href":"https:\/\/disma.ar\/clientes\/wp-json\/wp\/v2\/media\/14176"}],"wp:attachment":[{"href":"https:\/\/disma.ar\/clientes\/wp-json\/wp\/v2\/media?parent=14175"}],"wp:term":[{"taxonomy":"product_brand","embeddable":true,"href":"https:\/\/disma.ar\/clientes\/wp-json\/wp\/v2\/product_brand?post=14175"},{"taxonomy":"product_cat","embeddable":true,"href":"https:\/\/disma.ar\/clientes\/wp-json\/wp\/v2\/product_cat?post=14175"},{"taxonomy":"product_tag","embeddable":true,"href":"https:\/\/disma.ar\/clientes\/wp-json\/wp\/v2\/product_tag?post=14175"}],"curies":[{"name":"wp","href":"https:\/\/api.w.org\/{rel}","templated":true}]}}