{"id":14134,"date":"2024-10-28T16:10:36","date_gmt":"2024-10-28T19:10:36","guid":{"rendered":"https:\/\/disma.ar\/clientes\/?post_type=product&#038;p=14134"},"modified":"2026-04-30T10:45:43","modified_gmt":"2026-04-30T13:45:43","slug":"pileta-inflable-3-anillos-sunclub-76cm-x-25cm","status":"publish","type":"product","link":"https:\/\/disma.ar\/clientes\/producto\/pileta-inflable-3-anillos-sunclub-76cm-x-25cm\/","title":{"rendered":"PILETA INFLABLE 3 ANILLOS SUNCLUB 76CM X 25CM"},"content":{"rendered":"<p>Pileta inflable de 3 anillos multicolor . No se abolla ni desti\u00f1en. Aptas para ni\u00f1os.<br \/>\nLa medida de la pileta es de 76 cm de alto por 25 cm de alto, ideal para entretener a los mas peque\u00f1os jugando.<br \/>\nCapacidad de 66 Litros.<br \/>\nIncluye Parche de repuesto.<\/p>\n","protected":false},"excerpt":{"rendered":"<p>Pileta inflable de 3 anillos multicolor . No se abolla ni desti\u00f1en. Aptas para ni\u00f1os. La medida de la pileta es de 76 cm de alto por 25 cm de alto, ideal para entretener a los mas peque\u00f1os jugando. Capacidad de 66 Litros. Incluye Parche de repuesto.<\/p>\n","protected":false},"featured_media":14135,"comment_status":"open","ping_status":"closed","template":"","meta":[],"product_brand":[],"product_cat":[353,352],"product_tag":[],"class_list":{"0":"post-14134","1":"product","2":"type-product","3":"status-publish","4":"has-post-thumbnail","6":"product_cat-aire-libre","7":"product_cat-camping","9":"first","10":"instock","11":"shipping-taxable","12":"purchasable","13":"product-type-simple"},"_links":{"self":[{"href":"https:\/\/disma.ar\/clientes\/wp-json\/wp\/v2\/product\/14134","targetHints":{"allow":["GET"]}}],"collection":[{"href":"https:\/\/disma.ar\/clientes\/wp-json\/wp\/v2\/product"}],"about":[{"href":"https:\/\/disma.ar\/clientes\/wp-json\/wp\/v2\/types\/product"}],"replies":[{"embeddable":true,"href":"https:\/\/disma.ar\/clientes\/wp-json\/wp\/v2\/comments?post=14134"}],"wp:featuredmedia":[{"embeddable":true,"href":"https:\/\/disma.ar\/clientes\/wp-json\/wp\/v2\/media\/14135"}],"wp:attachment":[{"href":"https:\/\/disma.ar\/clientes\/wp-json\/wp\/v2\/media?parent=14134"}],"wp:term":[{"taxonomy":"product_brand","embeddable":true,"href":"https:\/\/disma.ar\/clientes\/wp-json\/wp\/v2\/product_brand?post=14134"},{"taxonomy":"product_cat","embeddable":true,"href":"https:\/\/disma.ar\/clientes\/wp-json\/wp\/v2\/product_cat?post=14134"},{"taxonomy":"product_tag","embeddable":true,"href":"https:\/\/disma.ar\/clientes\/wp-json\/wp\/v2\/product_tag?post=14134"}],"curies":[{"name":"wp","href":"https:\/\/api.w.org\/{rel}","templated":true}]}}