{"id":13864,"date":"2024-10-09T10:14:16","date_gmt":"2024-10-09T13:14:16","guid":{"rendered":"https:\/\/disma.ar\/clientes\/?post_type=product&#038;p=13864"},"modified":"2026-02-12T13:32:02","modified_gmt":"2026-02-12T16:32:02","slug":"extensor-hdmi-1-4-por-utp-60-mts-via-1-cable-de-red-cat5-6-full-hd-1080","status":"publish","type":"product","link":"https:\/\/disma.ar\/clientes\/producto\/extensor-hdmi-1-4-por-utp-60-mts-via-1-cable-de-red-cat5-6-full-hd-1080\/","title":{"rendered":"EXTENSOR HDMI 1.4 POR UTP 60 MTS VIA 1 CABLE DE RED CAT5\/6 FULL HD 1080 PROLONGADOR"},"content":{"rendered":"<div class=\"typographyItemDetail MuiBox-root css-0\">\n<h3 class=\"MuiTypography-root MuiTypography-h3 css-m3ljwm\">Extensor HDMI Por UTP (Hasta 60 Metros) V1.4 Full HD &#8211; Metalico &#8211; SKYWAY<\/h3>\n<h3 class=\"MuiTypography-root MuiTypography-h3 css-m3ljwm\">SKU: 3477<\/h3>\n<h3 class=\"MuiTypography-root MuiTypography-h3 css-m3ljwm\"><span style=\"font-size: 16px;\">EXTENSOR HDMI v1.4 SKYWAY Extensor HDMI 60 Mts cable UTP Cat 5e\/6e V1.4 Caracter\u00edsticas: &#8211; No requiere instalaci\u00f3n &#8211; Soporta 3D 1080p (Alta velocidad HDMI Standard cable 28awg) &#8211; Amplifica y mejora la transmici\u00f3n de se\u00f1al a larga distancia) &#8211; Funciona con HDMI o DVI-D, HDCP &#8211; HDTV &#8211; Su dise\u00f1o optimiza la transmici\u00f3n de se\u00f1al HDMI &#8211; Direcci\u00f3n LED &#8211; Adaptador de corriente: DC 5V.<\/span><\/h3>\n<\/div>\n","protected":false},"excerpt":{"rendered":"<p>SKYWAY<\/p>\n","protected":false},"featured_media":13865,"comment_status":"open","ping_status":"closed","template":"","meta":[],"product_brand":[],"product_cat":[153],"product_tag":[],"class_list":{"0":"post-13864","1":"product","2":"type-product","3":"status-publish","4":"has-post-thumbnail","6":"product_cat-cables-hdmi-dvi-vga-display-port","8":"first","9":"outofstock","10":"shipping-taxable","11":"purchasable","12":"product-type-simple"},"_links":{"self":[{"href":"https:\/\/disma.ar\/clientes\/wp-json\/wp\/v2\/product\/13864","targetHints":{"allow":["GET"]}}],"collection":[{"href":"https:\/\/disma.ar\/clientes\/wp-json\/wp\/v2\/product"}],"about":[{"href":"https:\/\/disma.ar\/clientes\/wp-json\/wp\/v2\/types\/product"}],"replies":[{"embeddable":true,"href":"https:\/\/disma.ar\/clientes\/wp-json\/wp\/v2\/comments?post=13864"}],"wp:featuredmedia":[{"embeddable":true,"href":"https:\/\/disma.ar\/clientes\/wp-json\/wp\/v2\/media\/13865"}],"wp:attachment":[{"href":"https:\/\/disma.ar\/clientes\/wp-json\/wp\/v2\/media?parent=13864"}],"wp:term":[{"taxonomy":"product_brand","embeddable":true,"href":"https:\/\/disma.ar\/clientes\/wp-json\/wp\/v2\/product_brand?post=13864"},{"taxonomy":"product_cat","embeddable":true,"href":"https:\/\/disma.ar\/clientes\/wp-json\/wp\/v2\/product_cat?post=13864"},{"taxonomy":"product_tag","embeddable":true,"href":"https:\/\/disma.ar\/clientes\/wp-json\/wp\/v2\/product_tag?post=13864"}],"curies":[{"name":"wp","href":"https:\/\/api.w.org\/{rel}","templated":true}]}}