{"id":12656,"date":"2025-10-07T10:10:14","date_gmt":"2025-10-07T13:10:14","guid":{"rendered":"https:\/\/disma.ar\/clientes\/?post_type=product&#038;p=12656"},"modified":"2026-02-20T11:14:03","modified_gmt":"2026-02-20T14:14:03","slug":"timbre-inalambrico-bidireccional-wifi-con-camara-con-app-tuya-vision-nocturna-recargable","status":"publish","type":"product","link":"https:\/\/disma.ar\/clientes\/producto\/timbre-inalambrico-bidireccional-wifi-con-camara-con-app-tuya-vision-nocturna-recargable\/","title":{"rendered":"***   OFERTA   *** TIMBRE INALAMBRICO BIDIRECCIONAL WIFI CON CAMARA &#8220;CON APP TUYA&#8221; VISION NOCTURNA RECARGABLE"},"content":{"rendered":"<div class=\"SME-precios\"><strong>CARACTERISTICAS:<\/strong><\/div>\n<div class=\"SME-precios\">\n<h3><b>\u00a0Este timbre inteligente te permite ver, o\u00edr y hablar con tus visitantes desde tu tel\u00e9fono.<\/b><\/h3>\n<h3>S\u00e9 el primero en saber qui\u00e9n est\u00e1 en tu puerta.<\/h3>\n<h3>Timbre Wifi con C\u00e1mara, Audio y Aplicaci\u00f3n M\u00f3vil.<\/h3>\n<\/div>\n<div class=\"SME-precios\">\n<ul>\n<li>\u2705 Intercomunicador bidireccional<\/li>\n<li>\u2705 Resoluci\u00f3n 480p<\/li>\n<li>\u2705 \u00c1ngulo 80\u00b0<\/li>\n<li>\u2705 Visi\u00f3n nocturna<\/li>\n<li>\u2705 Bater\u00eda recargable: 1000 mAh<\/li>\n<li>\u2705 Funcionamiento: App Tuya<\/li>\n<li>\u2705 Material: ABS<\/li>\n<li>\u2705 Medidas: 8.5 x 5.3 x 2.2 cm<\/li>\n<li>\u2705 Color: blanco<\/li>\n<\/ul>\n<\/div>\n","protected":false},"excerpt":{"rendered":"<p>CARACTERISTICAS: \u00a0Este timbre inteligente te permite ver, o\u00edr y hablar con tus visitantes desde tu tel\u00e9fono. S\u00e9 el primero en saber qui\u00e9n est\u00e1 en tu puerta. Timbre Wifi con C\u00e1mara, Audio y Aplicaci\u00f3n M\u00f3vil. \u2705 Intercomunicador bidireccional \u2705 Resoluci\u00f3n 480p \u2705 \u00c1ngulo 80\u00b0 \u2705 Visi\u00f3n nocturna \u2705 Bater\u00eda recargable: 1000 mAh \u2705 Funcionamiento: App Tuya [&hellip;]<\/p>\n","protected":false},"featured_media":12658,"comment_status":"open","ping_status":"closed","template":"","meta":[],"product_brand":[],"product_cat":[394,332],"product_tag":[],"class_list":{"0":"post-12656","1":"product","2":"type-product","3":"status-publish","4":"has-post-thumbnail","6":"product_cat-caja-de-sorpresas","7":"product_cat-timbres-inalambricos","9":"first","10":"outofstock","11":"shipping-taxable","12":"purchasable","13":"product-type-simple"},"_links":{"self":[{"href":"https:\/\/disma.ar\/clientes\/wp-json\/wp\/v2\/product\/12656","targetHints":{"allow":["GET"]}}],"collection":[{"href":"https:\/\/disma.ar\/clientes\/wp-json\/wp\/v2\/product"}],"about":[{"href":"https:\/\/disma.ar\/clientes\/wp-json\/wp\/v2\/types\/product"}],"replies":[{"embeddable":true,"href":"https:\/\/disma.ar\/clientes\/wp-json\/wp\/v2\/comments?post=12656"}],"wp:featuredmedia":[{"embeddable":true,"href":"https:\/\/disma.ar\/clientes\/wp-json\/wp\/v2\/media\/12658"}],"wp:attachment":[{"href":"https:\/\/disma.ar\/clientes\/wp-json\/wp\/v2\/media?parent=12656"}],"wp:term":[{"taxonomy":"product_brand","embeddable":true,"href":"https:\/\/disma.ar\/clientes\/wp-json\/wp\/v2\/product_brand?post=12656"},{"taxonomy":"product_cat","embeddable":true,"href":"https:\/\/disma.ar\/clientes\/wp-json\/wp\/v2\/product_cat?post=12656"},{"taxonomy":"product_tag","embeddable":true,"href":"https:\/\/disma.ar\/clientes\/wp-json\/wp\/v2\/product_tag?post=12656"}],"curies":[{"name":"wp","href":"https:\/\/api.w.org\/{rel}","templated":true}]}}