{"id":10622,"date":"2024-03-04T17:36:30","date_gmt":"2024-03-04T20:36:30","guid":{"rendered":"https:\/\/disma.ar\/clientes\/?post_type=product&#038;p=10622"},"modified":"2026-02-11T13:36:06","modified_gmt":"2026-02-11T16:36:06","slug":"linterna-minera-vincha-luz-multicolor-flex","status":"publish","type":"product","link":"https:\/\/disma.ar\/clientes\/producto\/linterna-minera-vincha-luz-multicolor-flex\/","title":{"rendered":"LINTERNA MINERA TIPO VINCHA LUZ MULTICOLOR FLEX AJUSTE DE TAMA\u00d1O CARGA USB LARGA DURACI\u00d3N"},"content":{"rendered":"<p>ILUMINACI\u00d2N DE CORTA Y LARGA DISTANCIA<\/p>\n","protected":false},"excerpt":{"rendered":"<p>PP BIONDI<\/p>\n","protected":false},"featured_media":10611,"comment_status":"open","ping_status":"closed","template":"","meta":[],"product_brand":[],"product_cat":[254],"product_tag":[],"class_list":{"0":"post-10622","1":"product","2":"type-product","3":"status-publish","4":"has-post-thumbnail","6":"product_cat-veladores","8":"first","9":"instock","10":"shipping-taxable","11":"purchasable","12":"product-type-simple"},"_links":{"self":[{"href":"https:\/\/disma.ar\/clientes\/wp-json\/wp\/v2\/product\/10622","targetHints":{"allow":["GET"]}}],"collection":[{"href":"https:\/\/disma.ar\/clientes\/wp-json\/wp\/v2\/product"}],"about":[{"href":"https:\/\/disma.ar\/clientes\/wp-json\/wp\/v2\/types\/product"}],"replies":[{"embeddable":true,"href":"https:\/\/disma.ar\/clientes\/wp-json\/wp\/v2\/comments?post=10622"}],"wp:featuredmedia":[{"embeddable":true,"href":"https:\/\/disma.ar\/clientes\/wp-json\/wp\/v2\/media\/10611"}],"wp:attachment":[{"href":"https:\/\/disma.ar\/clientes\/wp-json\/wp\/v2\/media?parent=10622"}],"wp:term":[{"taxonomy":"product_brand","embeddable":true,"href":"https:\/\/disma.ar\/clientes\/wp-json\/wp\/v2\/product_brand?post=10622"},{"taxonomy":"product_cat","embeddable":true,"href":"https:\/\/disma.ar\/clientes\/wp-json\/wp\/v2\/product_cat?post=10622"},{"taxonomy":"product_tag","embeddable":true,"href":"https:\/\/disma.ar\/clientes\/wp-json\/wp\/v2\/product_tag?post=10622"}],"curies":[{"name":"wp","href":"https:\/\/api.w.org\/{rel}","templated":true}]}}