{"id":10581,"date":"2024-03-19T10:27:08","date_gmt":"2024-03-19T13:27:08","guid":{"rendered":"https:\/\/disma.ar\/clientes\/?post_type=product&#038;p=10581"},"modified":"2026-03-17T19:02:03","modified_gmt":"2026-03-17T22:02:03","slug":"parlante-de-diseno-led-carga-inalambrica-alarma-luz-amanecer","status":"publish","type":"product","link":"https:\/\/disma.ar\/clientes\/producto\/parlante-de-diseno-led-carga-inalambrica-alarma-luz-amanecer\/","title":{"rendered":"PARLANTE DE DISE\u00d1O LED CARGA INALAMBRICA ALARMA LUZ AMANECER"},"content":{"rendered":"<p>Speakers,Portable Speakers,G3 Wireless Rechargeable Clock Alarm Clock High-end Lighting and Sound,Bluetooth Speaker ofrece un sonido natural, con una gran claridad y precisi\u00f3n, que se dispersa de manera uniforme. Un parlante que asegura potencia y calidad por igual en la reproducci\u00f3n de contenidos multimedia.<\/p>\n<p>Olv\u00eddate del amplificador<br \/>\nAl ser activa solo necesitar\u00e1s conectarla a la fuente de sonido y el mismo equipo se encargar\u00e1 de amplificar y reproducir: ganar\u00e1s practicidad y espacio, ya que adem\u00e1s requiere menos cableado que una pasiva. Es la soluci\u00f3n m\u00e1s conveniente si quieres producir m\u00fasica en tu casa o en un estudio, y tambi\u00e9n para DJs.<\/p>\n","protected":false},"excerpt":{"rendered":"<p>Speakers,Portable Speakers,G3 Wireless Rechargeable Clock Alarm Clock High-end Lighting and Sound,Bluetooth Speaker ofrece un sonido natural, con una gran claridad y precisi\u00f3n, que se dispersa de manera uniforme. Un parlante que asegura potencia y calidad por igual en la reproducci\u00f3n de contenidos multimedia. Olv\u00eddate del amplificador Al ser activa solo necesitar\u00e1s conectarla a la fuente [&hellip;]<\/p>\n","protected":false},"featured_media":10584,"comment_status":"open","ping_status":"closed","template":"","meta":[],"product_brand":[],"product_cat":[78,296],"product_tag":[],"class_list":{"0":"post-10581","1":"product","2":"type-product","3":"status-publish","4":"has-post-thumbnail","6":"product_cat-parlantes-bluetooth","7":"product_cat-radio-relojes","9":"first","10":"instock","11":"shipping-taxable","12":"purchasable","13":"product-type-simple"},"_links":{"self":[{"href":"https:\/\/disma.ar\/clientes\/wp-json\/wp\/v2\/product\/10581","targetHints":{"allow":["GET"]}}],"collection":[{"href":"https:\/\/disma.ar\/clientes\/wp-json\/wp\/v2\/product"}],"about":[{"href":"https:\/\/disma.ar\/clientes\/wp-json\/wp\/v2\/types\/product"}],"replies":[{"embeddable":true,"href":"https:\/\/disma.ar\/clientes\/wp-json\/wp\/v2\/comments?post=10581"}],"wp:featuredmedia":[{"embeddable":true,"href":"https:\/\/disma.ar\/clientes\/wp-json\/wp\/v2\/media\/10584"}],"wp:attachment":[{"href":"https:\/\/disma.ar\/clientes\/wp-json\/wp\/v2\/media?parent=10581"}],"wp:term":[{"taxonomy":"product_brand","embeddable":true,"href":"https:\/\/disma.ar\/clientes\/wp-json\/wp\/v2\/product_brand?post=10581"},{"taxonomy":"product_cat","embeddable":true,"href":"https:\/\/disma.ar\/clientes\/wp-json\/wp\/v2\/product_cat?post=10581"},{"taxonomy":"product_tag","embeddable":true,"href":"https:\/\/disma.ar\/clientes\/wp-json\/wp\/v2\/product_tag?post=10581"}],"curies":[{"name":"wp","href":"https:\/\/api.w.org\/{rel}","templated":true}]}}